000
CDUS41 KBTV 220550
CLI1V4


CLIMATE REPORT
NATIONAL WEATHER SERVICE BURLINGTON VT
149 AM EDT SUN APR 22 2018


...................................

...THE ST. JOHNSBURY VT CLIMATE SUMMARY FOR APRIL 21 2018...

CLIMATE NORMAL PERIOD 1981 TO 2010
CLIMATE RECORD PERIOD 1894 TO 2018


WEATHER ITEM   OBSERVED TIME   RECORD YEAR NORMAL DEPARTURE LAST
                VALUE   (LST)  VALUE       VALUE  FROM      YEAR
                                                  NORMAL
..................................................................
TEMPERATURE (F)
 YESTERDAY
  MAXIMUM         52        MM  88    1941  59     -7       48
  MINIMUM         29        MM   8    1908  35     -6       41
  AVERAGE         41                        47     -6       45

PRECIPITATION (IN)
  YESTERDAY        0.00          0.85 1905   0.10  -0.10     0.42
  MONTH TO DATE    2.80                      1.97   0.83     2.68
  SINCE MAR 1      4.71                      4.48   0.23     6.13
  SINCE JAN 1     10.29                      9.16   1.13    11.87

DEGREE DAYS
 HEATING
  YESTERDAY       24                        18      6       20
  MONTH TO DATE  645                       474    171      433
  SINCE MAR 1   1724                      1550    174     1679
  SINCE JUL 1   7241                      7274    -33     6692

 COOLING
  YESTERDAY        0                         0      0        0
  MONTH TO DATE    0                         0      0        0
  SINCE MAR 1      0                         0      0        0
  SINCE JAN 1      0                         0      0        0
..................................................................


WIND (MPH)
  HIGHEST WIND SPEED    MM   HIGHEST WIND DIRECTION    MM
  HIGHEST GUST SPEED    MM   HIGHEST GUST DIRECTION    MM
  AVERAGE WIND SPEED    MM


SKY COVER
  AVERAGE SKY COVER 0.0


WEATHER CONDITIONS
 THE FOLLOWING WEATHER WAS RECORDED YESTERDAY.
  NO SIGNIFICANT WEATHER WAS OBSERVED.


RELATIVE HUMIDITY (PERCENT)
 HIGHEST   100           500 AM
 LOWEST     28           300 PM
 AVERAGE    64

..........................................................


THE ST. JOHNSBURY VT CLIMATE NORMALS FOR TODAY
                         NORMAL    RECORD    YEAR
 MAXIMUM TEMPERATURE (F)   60        86      1954
 MINIMUM TEMPERATURE (F)   35        18      1981


SUNRISE AND SUNSET
APRIL 22 2018.........SUNRISE   553 AM EDT   SUNSET   741 PM EDT
APRIL 23 2018.........SUNRISE   551 AM EDT   SUNSET   742 PM EDT


-  INDICATES NEGATIVE NUMBERS.
R  INDICATES RECORD WAS SET OR TIED.
MM INDICATES DATA IS MISSING.
T  INDICATES TRACE AMOUNT.




$$
