000
CDUS43 KUNR 230851
CLI2WX


CLIMATE REPORT
NATIONAL WEATHER SERVICE RAPID CITY SD
248 AM MDT WED MAY 23 2018


...................................

...THE BUFFALO SD CLIMATE SUMMARY FOR MAY 22 2018...

CLIMATE NORMAL PERIOD 1981 TO 2010
CLIMATE RECORD PERIOD 9999 TO 9999


WEATHER ITEM   OBSERVED TIME   NORMAL DEPARTURE LAST
                VALUE   (LST)  VALUE  FROM      YEAR
                                      NORMAL
......................................................
TEMPERATURE (F)
 YESTERDAY
  MAXIMUM         81    312 PM  67     14       63
  MINIMUM         52    537 AM  44      8       42
  AVERAGE         67            55     12       53

PRECIPITATION (IN)
  YESTERDAY        0.00          0.14  -0.14     0.13
  MONTH TO DATE    1.41          1.80  -0.39     1.42
  SINCE MAR 1      4.30          4.12   0.18     6.13
  SINCE JAN 1      5.78          4.69   1.09     6.43

DEGREE DAYS
 HEATING
  YESTERDAY        0            10    -10       12
  MONTH TO DATE  171           286   -115      221
  SINCE MAR 1   2119          1942    177     1638
  SINCE JUL 1   8054          7739    315     6989

 COOLING
  YESTERDAY        2             0      2        0
  MONTH TO DATE   11             0     11       13
  SINCE MAR 1     11             0     11       13
  SINCE JAN 1     11             0     11       13
......................................................


WIND (MPH)
  HIGHEST WIND SPEED    14   HIGHEST WIND DIRECTION    NE (60)
  HIGHEST GUST SPEED    17   HIGHEST GUST DIRECTION    NE (50)
  AVERAGE WIND SPEED     6.9




RELATIVE HUMIDITY (PERCENT)
 HIGHEST    84          1000 PM
 LOWEST     36           200 PM
 AVERAGE    60

..........................................................




SUNRISE AND SUNSET
MAY 23 2018...........SUNRISE   515 AM MDT   SUNSET   827 PM MDT
MAY 24 2018...........SUNRISE   514 AM MDT   SUNSET   828 PM MDT


-  INDICATES NEGATIVE NUMBERS.
R  INDICATES RECORD WAS SET OR TIED.
MM INDICATES DATA IS MISSING.
T  INDICATES TRACE AMOUNT.




$$
