690
CDUS43 KABR 191509
CLI8D3


CLIMATE REPORT
NATIONAL WEATHER SERVICE ABERDEEN SD
1007 AM CDT THU APR 19 2018


...................................

...THE SISSETON SD CLIMATE SUMMARY FOR APRIL 18 2018...

CLIMATE NORMAL PERIOD 1981 TO 2010
CLIMATE RECORD PERIOD 1900 TO 2018


WEATHER ITEM   OBSERVED TIME   RECORD YEAR NORMAL DEPARTURE LAST
                VALUE   (LST)  VALUE       VALUE  FROM      YEAR
                                                  NORMAL
..................................................................
TEMPERATURE (F)
 YESTERDAY
  MAXIMUM         50    417 PM  91    1985  58     -8       49
  MINIMUM         33    606 AM  13    1953  34     -1       38
  AVERAGE         42                        46     -4       44

PRECIPITATION (IN)
  YESTERDAY        0.00          1.06 1986   0.07  -0.07     0.60
  MONTH TO DATE    0.59                      0.96  -0.37     0.91
  SINCE MAR 1      2.23                      2.08   0.15     1.17
  SINCE JAN 1      3.33                      2.94   0.39     2.37

SNOWFALL (IN)
  YESTERDAY        0.0
  MONTH TO DATE    7.5
  SINCE OCT 1     49.9
  SINCE JUL 1     49.9
  SNOW DEPTH       0

DEGREE DAYS
 HEATING
  YESTERDAY       23                        19      4       21
  MONTH TO DATE  659                       423    236      314
  SINCE MAR 1   1812                      1506    306     1394
  SINCE JUL 1   7909                      7765    144     6658

 COOLING
  YESTERDAY        0                         0      0        0
  MONTH TO DATE    0                         0      0        0
  SINCE MAR 1      0                         0      0        0
  SINCE JAN 1      0                         0      0        0
..................................................................


WIND (MPH)
  HIGHEST WIND SPEED    24   HIGHEST WIND DIRECTION     N (10)
  HIGHEST GUST SPEED    29   HIGHEST GUST DIRECTION     N (20)
  AVERAGE WIND SPEED     9.4


SKY COVER
  POSSIBLE SUNSHINE  MM
  AVERAGE SKY COVER 0.0


WEATHER CONDITIONS
 THE FOLLOWING WEATHER WAS RECORDED YESTERDAY.
  NO SIGNIFICANT WEATHER WAS OBSERVED.


RELATIVE HUMIDITY (PERCENT)
 HIGHEST    96           300 AM
 LOWEST     53           600 PM
 AVERAGE    75

..........................................................


THE SISSETON SD CLIMATE NORMALS FOR TODAY
                         NORMAL    RECORD    YEAR
 MAXIMUM TEMPERATURE (F)   58        89      1987
 MINIMUM TEMPERATURE (F)   34        16      1988


SUNRISE AND SUNSET
APRIL 19 2018.........SUNRISE   635 AM CDT   SUNSET   820 PM CDT
APRIL 20 2018.........SUNRISE   633 AM CDT   SUNSET   821 PM CDT


-  INDICATES NEGATIVE NUMBERS.
R  INDICATES RECORD WAS SET OR TIED.
MM INDICATES DATA IS MISSING.
T  INDICATES TRACE AMOUNT.




$$
