000
CDUS46 KMFR 240038
CLIAAT


CLIMATE REPORT
NATIONAL WEATHER SERVICE MEDFORD, OR
537 PM PDT MON APR 23 2018


...................................

...THE ALTURAS CA CLIMATE SUMMARY FOR APRIL 23 2018...
VALID TODAY AS OF 0500 PM LOCAL TIME.

CLIMATE NORMAL PERIOD 1981 TO 2010
CLIMATE RECORD PERIOD 1905 TO 2018


WEATHER ITEM   OBSERVED TIME   RECORD YEAR NORMAL DEPARTURE LAST
                VALUE   (LST)  VALUE       VALUE  FROM      YEAR
                                                  NORMAL
..................................................................
TEMPERATURE (F)
 TODAY
  MAXIMUM         68    359 PM  85    1910  60      8       59
  MINIMUM         33    505 AM  19    2008  30      3       41
                                      1976
  AVERAGE         51                        45      6       50

PRECIPITATION (IN)
  TODAY            0.00          0.47 2005   0.05  -0.05     0.06
  MONTH TO DATE    2.18                      1.18   1.00     0.96
  SINCE OCT 1      8.49                     10.31  -1.82    12.38
  SINCE JAN 1      5.49                      5.80  -0.31     8.63

SNOWFALL (IN)
  TODAY           MM                        MM     MM       MM
  MONTH TO DATE   MM                        MM     MM       MM
  SINCE JUL 1     MM                        MM     MM       MM
  SNOW DEPTH      MM

DEGREE DAYS
 HEATING
  TODAY           14                        20     -6       15
  MONTH TO DATE  481                       521    -40      456
  SINCE MAR 1   1340                      1346     -6     1150
  SINCE JUL 1   5737                      6213   -476     5812

 COOLING
  TODAY            0                         0      0        0
  MONTH TO DATE    0                         0      0        0
  SINCE MAR 1      0                         0      0        0
  SINCE JAN 1      0                         0      0        0
..................................................................


WIND (MPH)
  HIGHEST WIND SPEED    14   HIGHEST WIND DIRECTION     N (10)
  HIGHEST GUST SPEED    19   HIGHEST GUST DIRECTION     N (10)
  AVERAGE WIND SPEED     4.0


SKY COVER
  POSSIBLE SUNSHINE  MM
  AVERAGE SKY COVER 0.0


WEATHER CONDITIONS
 THE FOLLOWING WEATHER WAS RECORDED TODAY.
  NO SIGNIFICANT WEATHER WAS OBSERVED.


RELATIVE HUMIDITY (PERCENT)
 HIGHEST    82           500 AM
 LOWEST     13           400 PM
 AVERAGE    48

..........................................................


THE ALTURAS CA CLIMATE NORMALS FOR TOMORROW
                         NORMAL    RECORD    YEAR
 MAXIMUM TEMPERATURE (F)   60        87      1910
 MINIMUM TEMPERATURE (F)   31        14      1985


SUNRISE AND SUNSET
APRIL 23 2018.........SUNRISE   610 AM PDT   SUNSET   752 PM PDT
APRIL 24 2018.........SUNRISE   609 AM PDT   SUNSET   753 PM PDT


-  INDICATES NEGATIVE NUMBERS.
R  INDICATES RECORD WAS SET OR TIED.
MM INDICATES DATA IS MISSING.
T  INDICATES TRACE AMOUNT.




$$
