000
CDUS44 KSJT 202228
CLIABI


CLIMATE REPORT
NATIONAL WEATHER SERVICE SAN ANGELO TX
527 PM CDT FRI APR 20 2018


...................................

...THE ABILENE CLIMATE SUMMARY FOR APRIL 20 2018...
VALID TODAY AS OF 0500 PM LOCAL TIME.

CLIMATE NORMAL PERIOD 1981 TO 2010
CLIMATE RECORD PERIOD 1886 TO 2018


WEATHER ITEM   OBSERVED TIME   RECORD YEAR NORMAL DEPARTURE LAST
                VALUE   (LST)  VALUE       VALUE  FROM      YEAR
                                                  NORMAL
..................................................................
TEMPERATURE (F)
 TODAY
  MAXIMUM         72    337 PM  96    1984  79     -7       86
  MINIMUM         47    603 AM  38    1953  53     -6       63
  AVERAGE         60                        66     -6       75

PRECIPITATION (IN)
  TODAY            0.00          1.22 1927   0.06  -0.06     0.00
  MONTH TO DATE    T                         0.97  -0.97     1.32
  SINCE MAR 1      1.47                      2.71  -1.24     1.74
  SINCE JAN 1      3.88                      5.09  -1.21     5.12

SNOWFALL (IN)
  TODAY            0.0           0.0  2002   0.0    0.0      0.0
  MONTH TO DATE    0.0                       0.3   -0.3      0.0
  SINCE NOV 1      0.5                       4.7   -4.2       T
  SINCE JUL 1      0.5                       4.7   -4.2       T

DEGREE DAYS
 HEATING
  TODAY            5                         3      2        0
  MONTH TO DATE  139                        91     48       47
  SINCE MAR 1    350                       389    -39      193
  SINCE JUL 1   2551                      2522     29     1774

 COOLING
  TODAY            0                         4     -4       10
  MONTH TO DATE   41                        54    -13       67
  SINCE MAR 1     87                        83      4      151
  SINCE JAN 1     99                        88     11      182
..................................................................


WIND (MPH)
  HIGHEST WIND SPEED    30   HIGHEST WIND DIRECTION    SE (130)
  HIGHEST GUST SPEED    37   HIGHEST GUST DIRECTION    SE (140)
  AVERAGE WIND SPEED    17.2


SKY COVER
  POSSIBLE SUNSHINE  MM
  AVERAGE SKY COVER 0.4


WEATHER CONDITIONS
 THE FOLLOWING WEATHER WAS RECORDED TODAY.
  NO SIGNIFICANT WEATHER WAS OBSERVED.


RELATIVE HUMIDITY (PERCENT)
 HIGHEST    61           400 AM
 LOWEST     37           200 PM
 AVERAGE    49

..........................................................


THE ABILENE CLIMATE NORMALS FOR TOMORROW
                         NORMAL    RECORD    YEAR
 MAXIMUM TEMPERATURE (F)   79        98      1940
 MINIMUM TEMPERATURE (F)   53        35      1918


SUNRISE AND SUNSET
APRIL 20 2018.........SUNRISE   704 AM CDT   SUNSET   812 PM CDT
APRIL 21 2018.........SUNRISE   703 AM CDT   SUNSET   813 PM CDT


-  INDICATES NEGATIVE NUMBERS.
R  INDICATES RECORD WAS SET OR TIED.
MM INDICATES DATA IS MISSING.
T  INDICATES TRACE AMOUNT.




$$
