064
CDUS42 KTAE 200634
CLIABY


CLIMATE REPORT
NATIONAL WEATHER SERVICE TALLAHASSEE FL
234 AM EDT FRI APR 20 2018


...................................

...THE ALBANY CLIMATE SUMMARY FOR APRIL 19 2018...

CLIMATE NORMAL PERIOD 1981 TO 2010
CLIMATE RECORD PERIOD 1930 TO 2018


WEATHER ITEM   OBSERVED TIME   RECORD YEAR NORMAL DEPARTURE LAST
                VALUE   (LST)  VALUE       VALUE  FROM      YEAR
                                                  NORMAL
..................................................................
TEMPERATURE (F)
 YESTERDAY
  MAXIMUM         83    414 PM  90    2006  80      3       88
                                      2002
                                      1967
  MINIMUM         59   1159 PM  32    1983  54      5       65
  AVERAGE         71                        67      4       77

PRECIPITATION (IN)
  YESTERDAY        0.00                      0.11  -0.11     0.00
  MONTH TO DATE    1.78                      2.63  -0.85     1.76
  SINCE MAR 1      4.97                      7.68  -2.71     2.98
  SINCE JAN 1     13.08                     16.66  -3.58    14.80

SNOWFALL (IN)
  YESTERDAY        0.0
  MONTH TO DATE    0.0
  SINCE MAR 1      0.0
  SINCE JUL 1      0.1

DEGREE DAYS
 HEATING
  YESTERDAY        0                         2     -2        0
  MONTH TO DATE   57                        55      2       23
  SINCE MAR 1    291                       264     27      186
  SINCE JUL 1   1537                      1824   -287      989

 COOLING
  YESTERDAY        6                         4      2       12
  MONTH TO DATE   27                        51    -24      100
  SINCE MAR 1     70                        80    -10      177
  SINCE JAN 1    153                        89     64      215
..................................................................


WIND (MPH)
  HIGHEST WIND SPEED    18   HIGHEST WIND DIRECTION    NW (320)
  HIGHEST GUST SPEED    25   HIGHEST GUST DIRECTION    NW (320)
  AVERAGE WIND SPEED    11.1




RELATIVE HUMIDITY (PERCENT)
 HIGHEST    93
 LOWEST     31
 AVERAGE    62

..........................................................


THE ALBANY CLIMATE NORMALS FOR TODAY
                         NORMAL    RECORD    YEAR
 MAXIMUM TEMPERATURE (F)   80        93      2006
 MINIMUM TEMPERATURE (F)   54        38      1983


SUNRISE AND SUNSET
APRIL 20 2018.........SUNRISE   703 AM EDT   SUNSET   809 PM EDT
APRIL 21 2018.........SUNRISE   702 AM EDT   SUNSET   810 PM EDT


-  INDICATES NEGATIVE NUMBERS.
R  INDICATES RECORD WAS SET OR TIED.
MM INDICATES DATA IS MISSING.
T  INDICATES TRACE AMOUNT.




$$
