000
CDUS44 KFWD 260656
CLIACT


CLIMATE REPORT
NATIONAL WEATHER SERVICE FORT WORTH TX
155 AM CDT THU APR 26 2018


...................................

...THE WACO CLIMATE SUMMARY FOR APRIL 25 2018...

CLIMATE NORMAL PERIOD 1981 TO 2010
CLIMATE RECORD PERIOD 1901 TO 2018


WEATHER ITEM   OBSERVED TIME   RECORD YEAR NORMAL DEPARTURE LAST
                VALUE   (LST)  VALUE       VALUE  FROM      YEAR
                                                  NORMAL
..................................................................
TEMPERATURE (F)
 YESTERDAY
  MAXIMUM         76    905 AM  94    1996  80     -4       84
  MINIMUM         49   1159 PM  38    1910  57     -8       62
  AVERAGE         63                        69     -6       73

PRECIPITATION (IN)
  YESTERDAY        T             2.28 1997   0.11  -0.11     0.00
  MONTH TO DATE    0.51                      2.15  -1.64     6.96
  SINCE MAR 1      3.00                      5.30  -2.30    10.28
  SINCE JAN 1      5.43                     10.05  -4.62    16.44

SNOWFALL (IN)
  YESTERDAY        0.0           0.0    MM   0.0    0.0      0.0
  MONTH TO DATE    0.0                       0.1   -0.1      0.0
  SINCE MAR 1      0.0                       0.2   -0.2      0.0
  SINCE JUL 1      T                         1.0   -1.0       T
  SNOW DEPTH       0

DEGREE DAYS
 HEATING
  YESTERDAY        2                         1      1        0
  MONTH TO DATE  124                        73     51       29
  SINCE MAR 1    278                       319    -41      147
  SINCE JUL 1   2081                      2131    -50     1323

 COOLING
  YESTERDAY        0                         5     -5        8
  MONTH TO DATE   39                        83    -44      113
  SINCE MAR 1    106                       117    -11      208
  SINCE JAN 1    126                       126      0      266
..................................................................


WIND (MPH)
  HIGHEST WIND SPEED    26   HIGHEST WIND DIRECTION    NW (330)
  HIGHEST GUST SPEED    35   HIGHEST GUST DIRECTION     W (290)
  AVERAGE WIND SPEED    11.4


SKY COVER
  POSSIBLE SUNSHINE  MM
  AVERAGE SKY COVER 0.4


WEATHER CONDITIONS
 THE FOLLOWING WEATHER WAS RECORDED YESTERDAY.
  LIGHT RAIN


RELATIVE HUMIDITY (PERCENT)
 HIGHEST    87           600 AM
 LOWEST     47           100 PM
 AVERAGE    67

..........................................................


THE WACO CLIMATE NORMALS FOR TODAY
                         NORMAL    RECORD    YEAR
 MAXIMUM TEMPERATURE (F)   80        97      1902
 MINIMUM TEMPERATURE (F)   58        38      1910


SUNRISE AND SUNSET
APRIL 26 2018.........SUNRISE   648 AM CDT   SUNSET   805 PM CDT
APRIL 27 2018.........SUNRISE   647 AM CDT   SUNSET   806 PM CDT


-  INDICATES NEGATIVE NUMBERS.
R  INDICATES RECORD WAS SET OR TIED.
MM INDICATES DATA IS MISSING.
T  INDICATES TRACE AMOUNT.




$$
