000
CDUS42 KCAE 262130
CLIAGS


CLIMATE REPORT
NATIONAL WEATHER SERVICE COLUMBIA SC
529 PM EDT THU APR 26 2018


...................................

...THE AUGUSTA BUSH FIELD GA CLIMATE SUMMARY FOR APRIL 26 2018...
VALID TODAY AS OF 0500 PM LOCAL TIME.

CLIMATE NORMAL PERIOD 1981 TO 2010
CLIMATE RECORD PERIOD 1873 TO 2018


WEATHER ITEM   OBSERVED TIME   RECORD YEAR NORMAL DEPARTURE LAST
                VALUE   (LST)  VALUE       VALUE  FROM      YEAR
                                                  NORMAL
..................................................................
TEMPERATURE (F)
 TODAY
  MAXIMUM         74    359 PM  91    2011  80     -6       86
                                      1986
                                      1925
  MINIMUM         50    613 AM  36    1910  51     -1       54
  AVERAGE         62                        65     -3       70

PRECIPITATION (IN)
  TODAY            0.00          1.33 1967   0.08  -0.08     0.00
  MONTH TO DATE    3.43                      2.51   0.92     2.58
  SINCE MAR 1      6.64                      6.69  -0.05     4.35
  SINCE JAN 1     10.30                     14.52  -4.22    16.59

SNOWFALL (IN)
  TODAY            0.0          MM      MM   0.0             0.0
  MONTH TO DATE    0.0                       0.0             0.0
  SINCE MAR 1      0.0                       0.0             0.0
  SINCE JUL 1      T                         0.9              T

DEGREE DAYS
 HEATING
  TODAY            3                         2      1        0
  MONTH TO DATE  122                       115      7       31
  SINCE MAR 1    456                       411     45      269
  SINCE JUL 1   2143                      2443   -300     1404

 COOLING
  TODAY            0                         3     -3        5
  MONTH TO DATE   18                        42    -24      119
  SINCE MAR 1     32                        57    -25      172
  SINCE JAN 1     83                        60     23      202
..................................................................


WIND (MPH)
  HIGHEST WIND SPEED    14   HIGHEST WIND DIRECTION    SW (240)
  HIGHEST GUST SPEED    20   HIGHEST GUST DIRECTION    SW (240)
  AVERAGE WIND SPEED     4.1


SKY COVER
  AVERAGE SKY COVER 0.0


WEATHER CONDITIONS
 THE FOLLOWING WEATHER WAS RECORDED TODAY.
  FOG


RELATIVE HUMIDITY (PERCENT)
 HIGHEST   100           300 AM
 LOWEST     46           400 PM
 AVERAGE    73

..........................................................


THE AUGUSTA BUSH FIELD GA CLIMATE NORMALS FOR TOMORROW
                         NORMAL    RECORD    YEAR
 MAXIMUM TEMPERATURE (F)   80        96      1986
 MINIMUM TEMPERATURE (F)   51        38      2000
                                             1977
                                             1972


SUNRISE AND SUNSET
APRIL 26 2018.........SUNRISE   645 AM EDT   SUNSET   807 PM EDT
APRIL 27 2018.........SUNRISE   644 AM EDT   SUNSET   808 PM EDT


-  INDICATES NEGATIVE NUMBERS.
R  INDICATES RECORD WAS SET OR TIED.
MM INDICATES DATA IS MISSING.
T  INDICATES TRACE AMOUNT.




$$
