952
CDAK48 PAFC 251252
CLIAKN


CLIMATE REPORT
NATIONAL WEATHER SERVICE ANCHORAGE, AK
451 AM AKDT WED APR 25 2018


...................................

...THE KING SALMON CLIMATE SUMMARY FOR APRIL 24 2018...

CLIMATE NORMAL PERIOD 1981 TO 2010
CLIMATE RECORD PERIOD 1917 TO 2018


WEATHER ITEM   OBSERVED TIME   RECORD YEAR NORMAL DEPARTURE LAST
                VALUE   (LST)  VALUE       VALUE  FROM      YEAR
                                                  NORMAL
..................................................................
TEMPERATURE (F)
 YESTERDAY
  MAXIMUM         46    409 PM  59    1936  46      0       51
  MINIMUM         35    925 AM  10    1955  28      7       37
  AVERAGE         41                        37      4       44

PRECIPITATION (IN)
  YESTERDAY        0.47          1.30 1934   0.04   0.43     0.07
  MONTH TO DATE    1.53                      0.76   0.77     0.56
  SINCE MAR 1      4.97                      1.46   3.51     0.61
  SINCE JAN 1      8.67                      3.24   5.43     1.81

SNOWFALL (IN)
  YESTERDAY        T            MM      MM   0.1   -0.1      0.0
  MONTH TO DATE   10.5                       3.5    7.0      2.9
  SINCE MAR 1     32.3                       9.9   22.4      3.3
  SINCE JUL 1     56.2                      45.4   10.8     26.0
  SNOW DEPTH       0

DEGREE DAYS
 HEATING
  YESTERDAY       24                        28     -4       21
  MONTH TO DATE  682                       780    -98      629
  SINCE MAR 1   1817                      2046   -229     2253
  SINCE JUL 1   8303                      9666  -1363     9386

 COOLING
  YESTERDAY        0                         0      0        0
  MONTH TO DATE    0                         0      0        0
  SINCE MAR 1      0                         0      0        0
  SINCE JAN 1      0                         0      0        0
..................................................................


WIND (MPH)
  RESULTANT WIND SPEED  17   RESULTANT WIND DIRECTION  SE (150)
  HIGHEST WIND SPEED    38   HIGHEST WIND DIRECTION     S (160)
  HIGHEST GUST SPEED    55   HIGHEST GUST DIRECTION    SE (150)
  AVERAGE WIND SPEED    17.7



WEATHER CONDITIONS
 THE FOLLOWING WEATHER WAS RECORDED YESTERDAY.
  HEAVY RAIN
  RAIN
  LIGHT RAIN
  SNOW
  FOG
  HAZE


RELATIVE HUMIDITY (PERCENT)
 HIGHEST    92
 LOWEST     70
 AVERAGE    81

..........................................................


THE KING SALMON CLIMATE NORMALS FOR TODAY
                         NORMAL    RECORD    YEAR
 MAXIMUM TEMPERATURE (F)   46        60      2004
                                             1998
                                             1936
 MINIMUM TEMPERATURE (F)   29         8      1955


SUNRISE AND SUNSET
APRIL 25 2018.........SUNRISE   646 AM AKDT  SUNSET  1005 PM AKDT
APRIL 26 2018.........SUNRISE   643 AM AKDT  SUNSET  1007 PM AKDT


-  INDICATES NEGATIVE NUMBERS.
R  INDICATES RECORD WAS SET OR TIED.
MM INDICATES DATA IS MISSING.
T  INDICATES TRACE AMOUNT.




$$
