000
CDUS45 KBOU 270810
CLIAKO


CLIMATE REPORT
NATIONAL WEATHER SERVICE DENVER/BOULDER CO
209 AM MDT SUN MAY 27 2018


...................................

...THE AKRON CO CLIMATE SUMMARY FOR MAY 26 2018...

CLIMATE NORMAL PERIOD 1981 TO 2010
CLIMATE RECORD PERIOD 9999 TO 9999


WEATHER ITEM   OBSERVED TIME   RECORD YEAR NORMAL DEPARTURE LAST
                VALUE   (LST)  VALUE       VALUE  FROM      YEAR
                                                  NORMAL
..................................................................
TEMPERATURE (F)
 YESTERDAY
  MAXIMUM         91    216 PM  97    1942  74     17
  MINIMUM         64    455 AM  31    1992  47     17
  AVERAGE         78                        60     18

PRECIPITATION (IN)
  YESTERDAY        0.00          2.02 1967   0.11  -0.11     0.01
  MONTH TO DATE    4.80                      2.40   2.40     2.82
  SINCE MAR 1      7.33                      4.92   2.41     6.54
  SINCE JAN 1      8.44                      5.66   2.78     6.65

SNOWFALL (IN)
  YESTERDAY        0.0
  SNOW DEPTH       0

DEGREE DAYS
 HEATING
  YESTERDAY        0
  MONTH TO DATE  162

 COOLING
  YESTERDAY       13
  MONTH TO DATE   34
..................................................................


WIND (MPH)
  HIGHEST WIND SPEED    28   HIGHEST WIND DIRECTION    SE (150)
  HIGHEST GUST SPEED    39   HIGHEST GUST DIRECTION     S (160)




RELATIVE HUMIDITY (PERCENT)
 HIGHEST    73
 LOWEST     18
 AVERAGE    46

..........................................................


THE AKRON CO CLIMATE NORMALS FOR TODAY
                         NORMAL    RECORD    YEAR
 MAXIMUM TEMPERATURE (F)   74        92      2006
 MINIMUM TEMPERATURE (F)   47        33      1950


SUNRISE AND SUNSET
MAY 27 2018...........SUNRISE   528 AM MDT   SUNSET   812 PM MDT
MAY 28 2018...........SUNRISE   528 AM MDT   SUNSET   813 PM MDT


-  INDICATES NEGATIVE NUMBERS.
R  INDICATES RECORD WAS SET OR TIED.
MM INDICATES DATA IS MISSING.
T  INDICATES TRACE AMOUNT.




$$
