000
CDUS42 KJAX 200529
CLIAMG


CLIMATE REPORT
NATIONAL WEATHER SERVICE JACKSONVILLE FL
128 AM EDT FRI APR 20 2018


...................................

...THE ALMA CLIMATE SUMMARY FOR APRIL 19 2018...

CLIMATE NORMAL PERIOD 1981 TO 2010
CLIMATE RECORD PERIOD 1948 TO 2018


WEATHER ITEM   OBSERVED TIME   RECORD YEAR NORMAL DEPARTURE LAST
                VALUE   (LST)  VALUE       VALUE  FROM      YEAR
                                                  NORMAL
..................................................................
TEMPERATURE (F)
 YESTERDAY
  MAXIMUM         84    359 PM  91    1968  79      5       86
  MINIMUM         63   1159 PM  35    1983  54      9       58
  AVERAGE         74                        67      7       72

PRECIPITATION (IN)
  YESTERDAY        0.00          2.77 1988   0.09  -0.09     0.00
  MONTH TO DATE    0.87                      1.96  -1.09     2.35
  SINCE MAR 1      2.90                      6.71  -3.81     2.89
  SINCE JAN 1      6.41                     14.77  -8.36    11.02

SNOWFALL (IN)
  YESTERDAY        0.0           0.0    MM   0.0    0.0      0.0
  MONTH TO DATE    0.0                       0.0    0.0      0.0
  SINCE MAR 1      0.0                       0.0    0.0      0.0
  SINCE JUL 1      3.0                       0.1    2.9      0.0
  SNOW DEPTH       0

DEGREE DAYS
 HEATING
  YESTERDAY        0                         2     -2        0
  MONTH TO DATE   55                        50      5       27
  SINCE MAR 1    300                       238     62      224
  SINCE JUL 1   1546                      1639    -93     1080

 COOLING
  YESTERDAY        9                         4      5        7
  MONTH TO DATE   34                        51    -17       77
  SINCE MAR 1     68                        89    -21      140
  SINCE JAN 1    160                       105     55      195
..................................................................


WIND (MPH)
  HIGHEST WIND SPEED    21   HIGHEST WIND DIRECTION     W (260)
  HIGHEST GUST SPEED    30   HIGHEST GUST DIRECTION     W (250)
  AVERAGE WIND SPEED     9.6


SKY COVER
  POSSIBLE SUNSHINE  MM
  AVERAGE SKY COVER 0.2


WEATHER CONDITIONS
 THE FOLLOWING WEATHER WAS RECORDED YESTERDAY.
  NO SIGNIFICANT WEATHER WAS OBSERVED.


RELATIVE HUMIDITY (PERCENT)
 HIGHEST    87           200 AM
 LOWEST     42           600 PM
 AVERAGE    65

..........................................................


THE ALMA CLIMATE NORMALS FOR TODAY
                         NORMAL    RECORD    YEAR
 MAXIMUM TEMPERATURE (F)   80        93      1968
 MINIMUM TEMPERATURE (F)   55        38      1956


SUNRISE AND SUNSET
APRIL 20 2018.........SUNRISE   656 AM EDT   SUNSET   802 PM EDT
APRIL 21 2018.........SUNRISE   655 AM EDT   SUNSET   803 PM EDT


-  INDICATES NEGATIVE NUMBERS.
R  INDICATES RECORD WAS SET OR TIED.
MM INDICATES DATA IS MISSING.
T  INDICATES TRACE AMOUNT.




$$
