000
CDAK47 PAJK 261142
CLIANN
CLIMATE REPORT
NATIONAL WEATHER SERVICE JUNEAU, AK
339 AM AKDT THU APR 26 2018


...................................

...THE ANNETTE ISLAND CLIMATE SUMMARY FOR APRIL 25 2018...

CLIMATE NORMAL PERIOD 1981 TO 2010
CLIMATE RECORD PERIOD 1941 TO 2018


WEATHER ITEM   OBSERVED RECORD YEAR NORMAL DEPARTURE LAST
                VALUE   VALUE       VALUE  FROM      YEAR
                                           NORMAL
...........................................................
TEMPERATURE (F)
 YESTERDAY
  MAXIMUM         60     68    1977  52      8       55
  MINIMUM         39     29    1948  40     -1       39
  AVERAGE         50                 46      4       47

PRECIPITATION (IN)
  YESTERDAY        0.00   1.90 2004   0.20  -0.20     0.04
  MONTH TO DATE    6.58               5.79   0.79     2.52
  SINCE JAN 1     18.86              31.88 -13.02    27.95

DEGREE DAYS
 HEATING
  YESTERDAY       15                 19     -4       18
  MONTH TO DATE  500                530    -30      364
...........................................................


WIND (MPH)
  HIGHEST WIND SPEED     9   HIGHEST WIND DIRECTION    NW (300)
  HIGHEST GUST SPEED    MM   HIGHEST GUST DIRECTION    MM
  AVERAGE WIND SPEED     5.5


SKY COVER
  AVERAGE SKY COVER 0.0


WEATHER CONDITIONS
 THE FOLLOWING WEATHER WAS RECORDED YESTERDAY.
  NO SIGNIFICANT WEATHER WAS OBSERVED.


..........................................................


THE ANNETTE ISLAND CLIMATE NORMALS FOR TODAY
                         NORMAL    RECORD    YEAR
 MAXIMUM TEMPERATURE (F)   52        72      2005
                                             1995
                                             1989
 MINIMUM TEMPERATURE (F)   40        30      1954


SUNRISE AND SUNSET
APRIL 26 2018.........SUNRISE   517 AM AKDT  SUNSET   813 PM AKDT
APRIL 27 2018.........SUNRISE   514 AM AKDT  SUNSET   815 PM AKDT


-  INDICATES NEGATIVE NUMBERS.
R  INDICATES RECORD WAS SET OR TIED.
MM INDICATES DATA IS MISSING.
T  INDICATES TRACE AMOUNT.




$$
--------------------------------------------------------------

AMOUNT OF DAYLIGHT TODAY (HOUR:MIN)......... 14 HOURS 56 MINUTES
GAIN/LOSS SINCE YESTERDAY (HOUR:MIN:SEC).... +0:04:13

$$
