000
CDUS43 KAPX 202126
CLIAPN


CLIMATE REPORT
NATIONAL WEATHER SERVICE GAYLORD MI
526 PM EDT SUN MAY 20 2018


...................................

...THE ALPENA MI CLIMATE SUMMARY FOR MAY 20 2018...
VALID TODAY AS OF 0500 PM LOCAL TIME.

CLIMATE NORMAL PERIOD 1981 TO 2010
CLIMATE RECORD PERIOD 1916 TO 2018


WEATHER ITEM   OBSERVED TIME   RECORD YEAR NORMAL DEPARTURE LAST
                VALUE   (LST)  VALUE       VALUE  FROM      YEAR
                                                  NORMAL
..................................................................
TEMPERATURE (F)
 TODAY
  MAXIMUM         65    359 PM  92    2012  66     -1       54
                                      1975
  MINIMUM         47    720 AM  24    1924  42      5       35
  AVERAGE         56                        54      2       45

PRECIPITATION (IN)
  TODAY            0.00          1.09 1946   0.09  -0.09      T
  MONTH TO DATE    2.17                      1.66   0.51     1.00
  SINCE MAR 1      8.71                      5.91   2.80     8.68
  SINCE JAN 1     12.60                      8.89   3.71    14.17

DEGREE DAYS
 HEATING
  TODAY            9                        12     -3       20
  MONTH TO DATE  234                       289    -55      316
  SINCE MAR 1   2323                      2116    207     2032
  SINCE JUL 1   7772                      7848    -76     6663

 COOLING
  TODAY            0                         0      0        0
  MONTH TO DATE    7                         0      7        6
  SINCE MAR 1      7                         2      5        6
  SINCE JAN 1      7                         2      5        6
..................................................................


WIND (MPH)
  RESULTANT WIND SPEED   8   RESULTANT WIND DIRECTION   N (340)
  HIGHEST WIND SPEED    14   HIGHEST WIND DIRECTION     N (360)
  HIGHEST GUST SPEED    20   HIGHEST GUST DIRECTION     N (340)
  AVERAGE WIND SPEED     8.5


SKY COVER
  POSSIBLE SUNSHINE  MM
  AVERAGE SKY COVER 0.5


WEATHER CONDITIONS
 THE FOLLOWING WEATHER WAS RECORDED TODAY.
  NO SIGNIFICANT WEATHER WAS OBSERVED.


RELATIVE HUMIDITY (PERCENT)
 HIGHEST   100
 LOWEST     44
 AVERAGE    72

..........................................................


THE ALPENA MI CLIMATE NORMALS FOR TOMORROW
                         NORMAL    RECORD    YEAR
 MAXIMUM TEMPERATURE (F)   66        91      1921
 MINIMUM TEMPERATURE (F)   42        27      1967
                                             1949


SUNRISE AND SUNSET
MAY 20 2018...........SUNRISE   600 AM EDT   SUNSET   902 PM EDT
MAY 21 2018...........SUNRISE   559 AM EDT   SUNSET   904 PM EDT


-  INDICATES NEGATIVE NUMBERS.
R  INDICATES RECORD WAS SET OR TIED.
MM INDICATES DATA IS MISSING.
T  INDICATES TRACE AMOUNT.




$$
