000
CDUS44 KLCH 230821
CLIARA


CLIMATE REPORT
NATIONAL WEATHER SERVICE LAKE CHARLES, LA
319 AM CDT MON APR 23 2018


...................................

...THE NEW IBERIA CLIMATE SUMMARY FOR APRIL 22 2018...

CLIMATE NORMAL PERIOD 1981 TO 2010
CLIMATE RECORD PERIOD 1948 TO 2018


WEATHER ITEM   OBSERVED TIME   RECORD YEAR NORMAL DEPARTURE LAST
                VALUE   (LST)  VALUE       VALUE  FROM      YEAR
                                                  NORMAL
..................................................................
TEMPERATURE (F)
 YESTERDAY
  MAXIMUM         78    228 PM  89    1981  81     -3       85
  MINIMUM         56   1125 PM  45    1993  59     -3       63
  AVERAGE         67                        70     -3       74

PRECIPITATION (IN)
  YESTERDAY        0.45          4.80 1979   0.12   0.33     0.01
  MONTH TO DATE    3.58                      3.25   0.33     1.59
  SINCE MAR 1      5.83                      7.02  -1.19     4.28
  SINCE JAN 1     15.34                     16.43  -1.09     7.08

SNOWFALL (IN)
  YESTERDAY        0.0           0.0    MM  MM               0.0
  MONTH TO DATE    0.0                      MM               0.0
  SINCE MAR 1      0.0                      MM               0.0
  SINCE JUL 1      2.4                      MM               0.0

DEGREE DAYS
 HEATING
  YESTERDAY        0                         1     -1        0
  MONTH TO DATE   64                        42     22        7
  SINCE MAR 1    174                       190    -16       78
  SINCE JUL 1   1357                      1406    -49      707

 COOLING
  YESTERDAY        2                         5     -3        9
  MONTH TO DATE   46                        86    -40      149
  SINCE MAR 1    137                       138     -1      274
  SINCE JAN 1    260                       169     91      409
..................................................................


WIND (MPH)
  RESULTANT WIND SPEED   7   RESULTANT WIND DIRECTION   W (280)
  HIGHEST WIND SPEED    26   HIGHEST WIND DIRECTION     S (180)
  HIGHEST GUST SPEED    33   HIGHEST GUST DIRECTION     S (170)
  AVERAGE WIND SPEED    12.6


SKY COVER
  POSSIBLE SUNSHINE  MM
  AVERAGE SKY COVER 0.5


WEATHER CONDITIONS
 THE FOLLOWING WEATHER WAS RECORDED YESTERDAY.
  THUNDERSTORM
  HEAVY RAIN
  RAIN
  LIGHT RAIN
  FOG


RELATIVE HUMIDITY (PERCENT)
 HIGHEST    90           400 AM
 LOWEST     56           200 PM
 AVERAGE    73

..........................................................


THE NEW IBERIA CLIMATE NORMALS FOR TODAY
                         NORMAL    RECORD    YEAR
 MAXIMUM TEMPERATURE (F)   81        89      2008
                                             1963
 MINIMUM TEMPERATURE (F)   59        46      1993


SUNRISE AND SUNSET
APRIL 23 2018.........SUNRISE   632 AM CDT   SUNSET   740 PM CDT
APRIL 24 2018.........SUNRISE   631 AM CDT   SUNSET   740 PM CDT


-  INDICATES NEGATIVE NUMBERS.
R  INDICATES RECORD WAS SET OR TIED.
MM INDICATES DATA IS MISSING.
T  INDICATES TRACE AMOUNT.




$$
