776
CDUS46 KPQR 280221
CLIAST


CLIMATE REPORT
NATIONAL WEATHER SERVICE PORTLAND OREGON
721 PM PDT SUN MAY 27 2018


...................................

...THE ASTORIA OR CLIMATE SUMMARY FOR MAY 27 2018...
VALID TODAY AS OF 0700 PM LOCAL TIME.

CLIMATE NORMAL PERIOD 1981 TO 2010
CLIMATE RECORD PERIOD 1892 TO 2018


WEATHER ITEM   OBSERVED TIME   RECORD YEAR NORMAL DEPARTURE LAST
                VALUE   (LST)  VALUE       VALUE  FROM      YEAR
                                                  NORMAL
..................................................................
TEMPERATURE (F)
 TODAY
  MAXIMUM         65    252 PM  80    2003  62      3       60
  MINIMUM         45    523 AM  37    1940  48     -3       50
  AVERAGE         55                        55      0       55

PRECIPITATION (IN)
  TODAY            0.00          1.11 2013   0.10  -0.10     0.00
  MONTH TO DATE    0.42                      2.92  -2.50     5.79
  SINCE OCT 1     63.93                     59.98   3.95    90.90
  SINCE JAN 1     33.14                     32.96   0.18    47.03

DEGREE DAYS
 HEATING
  TODAY           10                        10      0       10
  MONTH TO DATE  248                       332    -84      305
  SINCE MAR 1   1317                      1399    -82     1344
  SINCE JUL 1   4475                      4741   -266     4327

 COOLING
  TODAY            0                         0      0        0
  MONTH TO DATE    0                         0      0        2
  SINCE MAR 1      1                         0      1        2
  SINCE JAN 1      1                         0      1        2
..................................................................


WIND (MPH)
  HIGHEST WIND SPEED    17   HIGHEST WIND DIRECTION    NW (330)
  HIGHEST GUST SPEED    20   HIGHEST GUST DIRECTION    NW (300)
  AVERAGE WIND SPEED     7.6


SKY COVER
  POSSIBLE SUNSHINE  MM
  AVERAGE SKY COVER 0.1


WEATHER CONDITIONS
 THE FOLLOWING WEATHER WAS RECORDED TODAY.
  NO SIGNIFICANT WEATHER WAS OBSERVED.


RELATIVE HUMIDITY (PERCENT)
 HIGHEST   100           300 AM
 LOWEST     48           200 PM
 AVERAGE    74

..........................................................


THE ASTORIA OR CLIMATE NORMALS FOR TOMORROW
                         NORMAL    RECORD    YEAR
 MAXIMUM TEMPERATURE (F)   62        81      1922
 MINIMUM TEMPERATURE (F)   48        38      1973
                                             1966
                                             1943


SUNRISE AND SUNSET
MAY 27 2018...........SUNRISE   531 AM PDT   SUNSET   855 PM PDT
MAY 28 2018...........SUNRISE   530 AM PDT   SUNSET   856 PM PDT


-  INDICATES NEGATIVE NUMBERS.
R  INDICATES RECORD WAS SET OR TIED.
MM INDICATES DATA IS MISSING.
T  INDICATES TRACE AMOUNT.




$$
