000
CDUS42 KFFC 210820
CLIATL


CLIMATE REPORT
NATIONAL WEATHER SERVICE PEACHTREE CITY GA
419 AM EDT SAT APR 21 2018


...................................

...THE ATLANTA CLIMATE SUMMARY FOR APRIL 20 2018...

CLIMATE NORMAL PERIOD 1981 TO 2010
CLIMATE RECORD PERIOD 1878 TO 2018


WEATHER ITEM   OBSERVED TIME   RECORD YEAR NORMAL DEPARTURE LAST
                VALUE   (LST)  VALUE       VALUE  FROM      YEAR
                                                  NORMAL
..................................................................
TEMPERATURE (F)
 YESTERDAY
  MAXIMUM         68    518 PM  88    1994  74     -6       84
                                      1925
  MINIMUM         44    636 AM  30    1983  53     -9       63
  AVERAGE         56                        63     -7       74

PRECIPITATION (IN)
  YESTERDAY        0.00          1.54 1984   0.10  -0.10      T
  MONTH TO DATE    1.49                      2.24  -0.75     4.82
  SINCE MAR 1      6.35                      7.05  -0.70     7.50
  SINCE JAN 1     15.72                     15.92  -0.20    17.55

DEGREE DAYS
 HEATING
  YESTERDAY        9                         4      5        0
  MONTH TO DATE  135                       113     22       37
  SINCE MAR 1    487                       455     32      300
  SINCE JUL 1   2431                      2710   -279     1656

 COOLING
  YESTERDAY        0                         2     -2        9
  MONTH TO DATE   19                        28     -9       73
  SINCE MAR 1     23                        40    -17      118
  SINCE JAN 1     50                        41      9      123
..................................................................


WIND (MPH)
  RESULTANT WIND SPEED   7   RESULTANT WIND DIRECTION   E (70)
  HIGHEST WIND SPEED    23   HIGHEST WIND DIRECTION     E (80)
  HIGHEST GUST SPEED    30   HIGHEST GUST DIRECTION     E (80)
  AVERAGE WIND SPEED     9.3


SKY COVER
  AVERAGE SKY COVER 0.2


WEATHER CONDITIONS
 THE FOLLOWING WEATHER WAS RECORDED YESTERDAY.
  HAZE


RELATIVE HUMIDITY (PERCENT)
 HIGHEST    65           400 AM
 LOWEST     22           500 PM
 AVERAGE    44

..........................................................


THE ATLANTA CLIMATE NORMALS FOR TODAY
                         NORMAL    RECORD    YEAR
 MAXIMUM TEMPERATURE (F)   74        88      1987
 MINIMUM TEMPERATURE (F)   53        33      1953


SUNRISE AND SUNSET
APRIL 21 2018.........SUNRISE   700 AM EDT   SUNSET   813 PM EDT
APRIL 22 2018.........SUNRISE   659 AM EDT   SUNSET   814 PM EDT


-  INDICATES NEGATIVE NUMBERS.
R  INDICATES RECORD WAS SET OR TIED.
MM INDICATES DATA IS MISSING.
T  INDICATES TRACE AMOUNT.




$$
