000
CDUS44 KEWX 250809
CLIATT


CLIMATE REPORT
NATIONAL WEATHER SERVICE AUSTIN/SAN ANTONIO, TX
308 AM CDT FRI MAY 25 2018


...................................

...THE AUSTIN CAMP MABRY CLIMATE SUMMARY FOR MAY 24 2018...

CLIMATE NORMAL PERIOD 1981 TO 2010
CLIMATE RECORD PERIOD 1897 TO 2018


WEATHER ITEM   OBSERVED TIME   RECORD YEAR NORMAL DEPARTURE LAST
                VALUE   (LST)  VALUE       VALUE  FROM      YEAR
                                                  NORMAL
..................................................................
TEMPERATURE (F)
 YESTERDAY
  MAXIMUM         93    325 PM 104    1925  88      5       87
  MINIMUM         73    313 AM  50    1913  69      4       56
  AVERAGE         83                        78      5

PRECIPITATION (IN)
  YESTERDAY        0.00          4.00 1908   0.15  -0.15     0.00
  MONTH TO DATE    4.57                      3.29   1.28     2.36
  SINCE MAR 1      8.78                      8.14   0.64     6.06
  SINCE JAN 1     10.77                     12.38  -1.61    12.28

SNOWFALL (IN)
  YESTERDAY        0.0
  MONTH TO DATE    0.0
  SINCE MAR 1      0.0
  SINCE JUL 1      0.4
  SNOW DEPTH       0

DEGREE DAYS
 HEATING
  YESTERDAY        0                         0      0        0
  MONTH TO DATE    0                         0      0        0
  SINCE MAR 1     95                       200   -105       56
  SINCE JUL 1   1363                      1537   -174      834

 COOLING
  YESTERDAY       18                        13      5        7
  MONTH TO DATE  345                       260     85      252
  SINCE MAR 1    592                       485    107      638
  SINCE JAN 1    634                       512    122      755
..................................................................


WIND (MPH)
  HIGHEST WIND SPEED    12   HIGHEST WIND DIRECTION    SE (150)
  HIGHEST GUST SPEED    17   HIGHEST GUST DIRECTION    SE (150)
  AVERAGE WIND SPEED     3.7


SKY COVER
  AVERAGE SKY COVER 0.3


WEATHER CONDITIONS
 THE FOLLOWING WEATHER WAS RECORDED YESTERDAY.
  NO SIGNIFICANT WEATHER WAS OBSERVED.


RELATIVE HUMIDITY (PERCENT)
 HIGHEST    93           600 AM
 LOWEST     41           500 PM
 AVERAGE    67

..........................................................


THE AUSTIN CAMP MABRY CLIMATE NORMALS FOR TODAY
                         NORMAL    RECORD    YEAR
 MAXIMUM TEMPERATURE (F)   89       100      2011
 MINIMUM TEMPERATURE (F)   69        49      1913


SUNRISE AND SUNSET
MAY 25 2018...........SUNRISE   632 AM CDT   SUNSET   824 PM CDT
MAY 26 2018...........SUNRISE   631 AM CDT   SUNSET   825 PM CDT


-  INDICATES NEGATIVE NUMBERS.
R  INDICATES RECORD WAS SET OR TIED.
MM INDICATES DATA IS MISSING.
T  INDICATES TRACE AMOUNT.




$$
