000
CDUS43 KABR 250735
CLIATY


CLIMATE REPORT
NATIONAL WEATHER SERVICE ABERDEEN SD
230 AM CDT WED APR 25 2018


...................................

...THE WATERTOWN SD CLIMATE SUMMARY FOR APRIL 24 2018...

CLIMATE NORMAL PERIOD 1981 TO 2010
CLIMATE RECORD PERIOD 1898 TO 2018


WEATHER ITEM   OBSERVED TIME   RECORD YEAR NORMAL DEPARTURE LAST
                VALUE   (LST)  VALUE       VALUE  FROM      YEAR
                                                  NORMAL
..................................................................
TEMPERATURE (F)
 YESTERDAY
  MAXIMUM         54    113 AM  87    1962  60     -6       65
  MINIMUM         31   1153 PM  18    1934  36     -5       37
  AVERAGE         43                        48     -5       51

PRECIPITATION (IN)
  YESTERDAY        0.05          1.52 1953   0.09  -0.04     0.00
  MONTH TO DATE    0.87                      1.53  -0.66     1.70
  SINCE MAR 1      2.28                      2.64  -0.36     2.03
  SINCE JAN 1      3.13                      3.72  -0.59     2.81

SNOWFALL (IN)
  YESTERDAY        0.0
  MONTH TO DATE   17.5
  SINCE OCT 1     53.1
  SINCE JUL 1     53.1
  SNOW DEPTH       0

DEGREE DAYS
 HEATING
  YESTERDAY       22                        17      5       14
  MONTH TO DATE  834                       541    293      454
  SINCE MAR 1   1988                      1645    343     1531
  SINCE JUL 1   8355                      8056    299     7132

 COOLING
  YESTERDAY        0                         0      0        0
  MONTH TO DATE    0                         0      0        0
  SINCE MAR 1      0                         0      0        0
  SINCE JAN 1      0                         0      0        0
..................................................................


WIND (MPH)
  HIGHEST WIND SPEED    30   HIGHEST WIND DIRECTION     N (20)
  HIGHEST GUST SPEED    38   HIGHEST GUST DIRECTION     N (20)
  AVERAGE WIND SPEED    14.6


SKY COVER
  POSSIBLE SUNSHINE  MM
  AVERAGE SKY COVER 0.7


WEATHER CONDITIONS
 THE FOLLOWING WEATHER WAS RECORDED YESTERDAY.
  LIGHT RAIN


RELATIVE HUMIDITY (PERCENT)
 HIGHEST    93           900 AM
 LOWEST     50           500 PM
 AVERAGE    72

..........................................................


THE WATERTOWN SD CLIMATE NORMALS FOR TODAY
                         NORMAL    RECORD    YEAR
 MAXIMUM TEMPERATURE (F)   61        92      1962
 MINIMUM TEMPERATURE (F)   36        17      2013


SUNRISE AND SUNSET
APRIL 25 2018.........SUNRISE   627 AM CDT   SUNSET   827 PM CDT
APRIL 26 2018.........SUNRISE   626 AM CDT   SUNSET   828 PM CDT


-  INDICATES NEGATIVE NUMBERS.
R  INDICATES RECORD WAS SET OR TIED.
MM INDICATES DATA IS MISSING.
T  INDICATES TRACE AMOUNT.




$$
