000
CDUS41 KGYX 210839
CLIAUG


CLIMATE REPORT
NATIONAL WEATHER SERVICE GRAY ME
430 AM EDT SAT APR 21 2018


...................................

...THE AUGUSTA CLIMATE SUMMARY FOR APRIL 20 2018...

CLIMATE NORMAL PERIOD 1981 TO 2010
CLIMATE RECORD PERIOD 1948 TO 2018


WEATHER ITEM   OBSERVED TIME   RECORD YEAR NORMAL DEPARTURE LAST
                VALUE   (LST)  VALUE       VALUE  FROM      YEAR
                                                  NORMAL
..................................................................
TEMPERATURE (F)
 YESTERDAY
  MAXIMUM         50   1225 PM  79    2005  55     -5       51
  MINIMUM         34    506 AM  25    1969  36     -2       39
  AVERAGE         42                        46     -4       45

PRECIPITATION (IN)
  YESTERDAY        0.01          1.04 1978   0.12  -0.11      T
  MONTH TO DATE    2.31                      2.52  -0.21     2.08
  SINCE MAR 1      4.86                      5.89  -1.03     5.57
  SINCE JAN 1     11.85                     10.93   0.92    12.05

DEGREE DAYS
 HEATING
  YESTERDAY       23                        19      4       20
  MONTH TO DATE  558                       464     94      399
  SINCE MAR 1   1556                      1490     66     1591
  SINCE JUL 1   6542                      6833   -291     6403

 COOLING
  YESTERDAY        0                         0      0        0
  MONTH TO DATE    0                         0      0        0
  SINCE MAR 1      0                         0      0        0
  SINCE JAN 1      0                         0      0        0
..................................................................


WIND (MPH)
  HIGHEST WIND SPEED    23   HIGHEST WIND DIRECTION    NW (330)
  HIGHEST GUST SPEED    31   HIGHEST GUST DIRECTION     N (360)
  AVERAGE WIND SPEED    11.1


SKY COVER
  AVERAGE SKY COVER 1.0


WEATHER CONDITIONS
 THE FOLLOWING WEATHER WAS RECORDED YESTERDAY.
  LIGHT RAIN
  LIGHT SNOW
  FOG


RELATIVE HUMIDITY (PERCENT)
 HIGHEST    89           600 AM
 LOWEST     42           100 PM
 AVERAGE    66

..........................................................


THE AUGUSTA CLIMATE NORMALS FOR TODAY
                         NORMAL    RECORD    YEAR
 MAXIMUM TEMPERATURE (F)   56        83      1957
 MINIMUM TEMPERATURE (F)   37        28      1981


SUNRISE AND SUNSET
APRIL 21 2018.........SUNRISE   546 AM EDT   SUNSET   731 PM EDT
APRIL 22 2018.........SUNRISE   544 AM EDT   SUNSET   732 PM EDT


-  INDICATES NEGATIVE NUMBERS.
R  INDICATES RECORD WAS SET OR TIED.
MM INDICATES DATA IS MISSING.
T  INDICATES TRACE AMOUNT.




$$
