000
CDUS44 KEWX 232242
CLIAUS


CLIMATE REPORT
NATIONAL WEATHER SERVICE AUSTIN/SAN ANTONIO, TX
542 PM CDT MON APR 23 2018


...................................

...THE AUSTIN BERGSTROM CLIMATE SUMMARY FOR APRIL 23 2018...
VALID TODAY AS OF 0500 PM LOCAL TIME.

CLIMATE NORMAL PERIOD 1981 TO 2010
CLIMATE RECORD PERIOD 1943 TO 2018


WEATHER ITEM   OBSERVED TIME   RECORD YEAR NORMAL DEPARTURE LAST
                VALUE   (LST)  VALUE       VALUE  FROM      YEAR
                                                  NORMAL
..................................................................
TEMPERATURE (F)
 TODAY
  MAXIMUM         86    421 PM  97    2000  82      4       77
  MINIMUM         47    548 AM  42    1998  57    -10       50
  AVERAGE         67                        69     -2       64

PRECIPITATION (IN)
  TODAY            0.00          2.38 1950   0.09  -0.09     0.00
  MONTH TO DATE    0.65                      1.60  -0.95     0.99
  SINCE MAR 1      6.86                      4.38   2.48     4.32
  SINCE JAN 1      8.18                      8.89  -0.71    11.63

SNOWFALL (IN)
  TODAY            0.0
  MONTH TO DATE    0.0
  SINCE MAR 1      0.0
  SINCE JUL 1      1.3
  SNOW DEPTH       0

DEGREE DAYS
 HEATING
  TODAY            0                         1     -1        1
  MONTH TO DATE   68                        57     11       11
  SINCE MAR 1    175                       279   -104       84
  SINCE JUL 1   1701                      1894   -193      958

 COOLING
  TODAY            2                         5     -3        0
  MONTH TO DATE   60                        89    -29      134
  SINCE MAR 1    168                       131     37      287
  SINCE JAN 1    210                       147     63      396
..................................................................


WIND (MPH)
  HIGHEST WIND SPEED    12   HIGHEST WIND DIRECTION    NE (40)
  HIGHEST GUST SPEED    16   HIGHEST GUST DIRECTION     N (360)
  AVERAGE WIND SPEED     4.9


SKY COVER
  AVERAGE SKY COVER 0.1


WEATHER CONDITIONS
 THE FOLLOWING WEATHER WAS RECORDED TODAY.
  NO SIGNIFICANT WEATHER WAS OBSERVED.


RELATIVE HUMIDITY (PERCENT)
 HIGHEST    93           200 AM
 LOWEST     29           300 PM
 AVERAGE    61

..........................................................


THE AUSTIN BERGSTROM CLIMATE NORMALS FOR TOMORROW
                         NORMAL    RECORD    YEAR
 MAXIMUM TEMPERATURE (F)   82        94      2003
 MINIMUM TEMPERATURE (F)   57        41      2005
                                             1995


SUNRISE AND SUNSET
APRIL 23 2018.........SUNRISE   655 AM CDT   SUNSET   803 PM CDT
APRIL 24 2018.........SUNRISE   654 AM CDT   SUNSET   804 PM CDT


-  INDICATES NEGATIVE NUMBERS.
R  INDICATES RECORD WAS SET OR TIED.
MM INDICATES DATA IS MISSING.
T  INDICATES TRACE AMOUNT.




$$
