000
CDUS43 KGRB 260649
CLIAUW


CLIMATE REPORT
NATIONAL WEATHER SERVICE GREEN BAY
149 AM CDT THU APR 26 2018


...................................

...THE WAUSAU WI CLIMATE SUMMARY FOR APRIL 25 2018...

CLIMATE NORMAL PERIOD 1981 TO 2010
CLIMATE RECORD PERIOD 1896 TO 2018


WEATHER ITEM   OBSERVED TIME   RECORD YEAR NORMAL DEPARTURE LAST
                VALUE   (LST)  VALUE       VALUE  FROM      YEAR
                                                  NORMAL
..................................................................
TEMPERATURE (F)
 YESTERDAY
  MAXIMUM         57    416 PM  85    1990  60     -3       74
  MINIMUM         32    546 AM  23    1934  37     -5       49
  AVERAGE         45                        48     -3

PRECIPITATION (IN)
  YESTERDAY        0.00          1.21 1965   0.11  -0.11     0.03
  MONTH TO DATE    3.13                      2.20   0.93     4.57
  SINCE MAR 1      4.76                      3.96   0.80     6.75
  SINCE JAN 1      7.23                      5.90   1.33    10.69

SNOWFALL (IN)
  YESTERDAY        0.0           4.9  1917   0.1   -0.1      0.0
  MONTH TO DATE   34.5                       3.7   30.8      0.4
  SINCE JUL 1     89.2                      59.0   30.2     59.2
  SNOW DEPTH       0

DEGREE DAYS
 HEATING
  YESTERDAY       20                        17      3        3
  MONTH TO DATE  851                       553    298      439
  SINCE MAR 1   1977                      1638    339     1524
  SINCE JUL 1   8065                      7774    291     6750

 COOLING
  YESTERDAY        0                         0      0        0
  MONTH TO DATE    0                         0      0        0
  SINCE MAR 1      0                         0      0        0
  SINCE JAN 1      0                         0      0        0
..................................................................


WIND (MPH)
  HIGHEST WIND SPEED    14   HIGHEST WIND DIRECTION    NW (300)
  HIGHEST GUST SPEED    20   HIGHEST GUST DIRECTION     W (280)
  AVERAGE WIND SPEED     5.5


SKY COVER
  POSSIBLE SUNSHINE  MM
  AVERAGE SKY COVER 0.0


WEATHER CONDITIONS
 THE FOLLOWING WEATHER WAS RECORDED YESTERDAY.
  NO SIGNIFICANT WEATHER WAS OBSERVED.


RELATIVE HUMIDITY (PERCENT)
 HIGHEST   100          1200 AM
 LOWEST     24           600 PM
 AVERAGE    62

..........................................................


THE WAUSAU WI CLIMATE NORMALS FOR TODAY
                         NORMAL    RECORD    YEAR
 MAXIMUM TEMPERATURE (F)   60        84      1962
                                             1915
 MINIMUM TEMPERATURE (F)   38        23      1958


SUNRISE AND SUNSET
APRIL 26 2018.........SUNRISE   556 AM CDT   SUNSET   758 PM CDT
APRIL 27 2018.........SUNRISE   554 AM CDT   SUNSET   759 PM CDT


-  INDICATES NEGATIVE NUMBERS.
R  INDICATES RECORD WAS SET OR TIED.
MM INDICATES DATA IS MISSING.
T  INDICATES TRACE AMOUNT.




$$
