000
CDUS46 KSEW 270829
CLIBLI


CLIMATE REPORT
NATIONAL WEATHER SERVICE SEATTLE WA
129 AM PDT SUN MAY 27 2018


...................................

...THE BELLINGHAM WA AIRPORT CLIMATE SUMMARY FOR MAY 26 2018...

CLIMATE NORMAL PERIOD 1981 TO 2010
CLIMATE RECORD PERIOD 1949 TO 2018


WEATHER ITEM   OBSERVED TIME   RECORD YEAR NORMAL DEPARTURE LAST
                VALUE   (LST)  VALUE       VALUE  FROM      YEAR
                                                  NORMAL
..................................................................
TEMPERATURE (F)
 YESTERDAY
  MAXIMUM         63    339 PM  84    2005  64     -1       76
  MINIMUM         50    418 AM  38    1951  48      2       47
  AVERAGE         57                        56      1       62

PRECIPITATION (IN)
  YESTERDAY        0.00          0.75 1989   0.08  -0.08     0.00
  MONTH TO DATE    0.17                      2.07  -1.90     0.89
  SINCE OCT 1     33.47                     29.37   4.10    34.59
  SINCE JAN 1     15.85                     15.67   0.18    15.47

DEGREE DAYS
 HEATING
  YESTERDAY        8                         9     -1        3
  MONTH TO DATE  171                       300   -129      269
  SINCE MAR 1   1296                      1441   -145     1297

 COOLING
  YESTERDAY        0                         0      0        0
  MONTH TO DATE    1                         0      1        0
  SINCE MAR 1      1                         0      1        0
  SINCE JAN 1      1                         0      1        0
..................................................................


WIND (MPH)
  RESULTANT WIND SPEED  10   RESULTANT WIND DIRECTION   S (160)
  HIGHEST WIND SPEED    17   HIGHEST WIND DIRECTION    SE (150)
  HIGHEST GUST SPEED    23   HIGHEST GUST DIRECTION    SE (150)
  AVERAGE WIND SPEED    10.4


SKY COVER
  AVERAGE SKY COVER 0.3


WEATHER CONDITIONS
 THE FOLLOWING WEATHER WAS RECORDED YESTERDAY.
  NO SIGNIFICANT WEATHER WAS OBSERVED.


RELATIVE HUMIDITY (PERCENT)
 HIGHEST    80           400 AM
 LOWEST     55           700 PM
 AVERAGE    68

..........................................................


THE BELLINGHAM WA AIRPORT CLIMATE NORMALS FOR TODAY
                         NORMAL    RECORD    YEAR
 MAXIMUM TEMPERATURE (F)   64        83      2005
 MINIMUM TEMPERATURE (F)   48        35      1973


SUNRISE AND SUNSET
MAY 27 2018...........SUNRISE   515 AM PDT   SUNSET   900 PM PDT
MAY 28 2018...........SUNRISE   514 AM PDT   SUNSET   901 PM PDT


-  INDICATES NEGATIVE NUMBERS.
R  INDICATES RECORD WAS SET OR TIED.
MM INDICATES DATA IS MISSING.
T  INDICATES TRACE AMOUNT.




$$
