000
CDUS43 KIND 250543
CLIBMG


CLIMATE REPORT
NATIONAL WEATHER SERVICE INDIANAPOLIS IN
142 AM EDT WED APR 25 2018


...................................

...THE BLOOMINGTON IN CLIMATE SUMMARY FOR APRIL 24 2018...

CLIMATE NORMAL PERIOD 1981 TO 2010
CLIMATE RECORD PERIOD 9999 TO 9999


WEATHER ITEM   OBSERVED TIME   NORMAL DEPARTURE LAST
                VALUE   (LST)  VALUE  FROM      YEAR
                                      NORMAL
......................................................
TEMPERATURE (F)
 YESTERDAY
  MAXIMUM         57    303 PM  67    -10       77
  MINIMUM         52    817 AM  45      7       45
  AVERAGE         55            56     -1       61

PRECIPITATION (IN)
  YESTERDAY        0.20          0.17   0.03     0.00
  MONTH TO DATE    4.04          3.70   0.34     2.07
  SINCE MAR 1      9.32          7.58   1.74     6.50
  SINCE JAN 1     17.49         13.65   3.84    11.54

DEGREE DAYS
 HEATING
  YESTERDAY       10             9      1        4
  MONTH TO DATE  437           307    130      166
  SINCE MAR 1   1190           995    195      770
  SINCE JUL 1   5043          5063    -20     3957

 COOLING
  YESTERDAY        0             1     -1        0
  MONTH TO DATE    7            16     -9       28
  SINCE MAR 1      7            19    -12       31
  SINCE JAN 1     13            19     -6       31
......................................................


WIND (MPH)
  HIGHEST WIND SPEED    12   HIGHEST WIND DIRECTION     N (10)
  HIGHEST GUST SPEED    14   HIGHEST GUST DIRECTION     N (10)
  AVERAGE WIND SPEED     5.8


SKY COVER
  AVERAGE SKY COVER 1.0


WEATHER CONDITIONS
 THE FOLLOWING WEATHER WAS RECORDED YESTERDAY.
  LIGHT RAIN
  FOG


RELATIVE HUMIDITY (PERCENT)
 HIGHEST   100          1000 PM
 LOWEST     89           200 AM
 AVERAGE    95

..........................................................


THE BLOOMINGTON IN CLIMATE NORMALS FOR TODAY
                         NORMAL
 MAXIMUM TEMPERATURE (F)   68
 MINIMUM TEMPERATURE (F)   45


SUNRISE AND SUNSET
APRIL 25 2018.........SUNRISE   656 AM EDT   SUNSET   834 PM EDT
APRIL 26 2018.........SUNRISE   654 AM EDT   SUNSET   835 PM EDT


-  INDICATES NEGATIVE NUMBERS.
R  INDICATES RECORD WAS SET OR TIED.
MM INDICATES DATA IS MISSING.
T  INDICATES TRACE AMOUNT.




$$
