990
CDUS43 KDVN 240909
CLIBRL


CLIMATE REPORT
NATIONAL WEATHER SERVICE QUAD CITIES IA IL
408 AM CDT TUE APR 24 2018


...................................

...THE BURLINGTON IA CLIMATE SUMMARY FOR APRIL 23 2018...

CLIMATE NORMAL PERIOD 1981 TO 2010
CLIMATE RECORD PERIOD 1897 TO 2018


WEATHER ITEM   OBSERVED TIME   RECORD YEAR NORMAL DEPARTURE LAST
                VALUE   (LST)  VALUE       VALUE  FROM      YEAR
                                                  NORMAL
..................................................................
TEMPERATURE (F)
 YESTERDAY
  MAXIMUM         74    245 PM  84    1960  67      7       72
  MINIMUM         46    544 AM  24    1910  45      1       37
  AVERAGE         60                        56      4       55

PRECIPITATION (IN)
  YESTERDAY        0.00         MM      MM   0.13  -0.13     0.00
  MONTH TO DATE    0.59                      2.71  -2.12     3.08
  SINCE MAR 1      3.49                      5.50  -2.01     6.06
  SINCE JAN 1      7.58                      8.36  -0.78     7.92

DEGREE DAYS
 HEATING
  YESTERDAY        5                         9     -4       10
  MONTH TO DATE  551                       299    252      203
  SINCE MAR 1   1371                      1027    344      894
  SINCE JUL 1   5864                      5405    459     4588

 COOLING
  YESTERDAY        0                         1     -1        0
  MONTH TO DATE    0                        13    -13       19
  SINCE MAR 1      0                        15    -15       19
  SINCE JAN 1      0                        15    -15       19
..................................................................


WIND (MPH)
  HIGHEST WIND SPEED    21   HIGHEST WIND DIRECTION    NE (30)
  HIGHEST GUST SPEED    25   HIGHEST GUST DIRECTION    NE (30)
  AVERAGE WIND SPEED    12.3


SKY COVER
  POSSIBLE SUNSHINE  MM
  AVERAGE SKY COVER 0.0


WEATHER CONDITIONS
 THE FOLLOWING WEATHER WAS RECORDED YESTERDAY.
  NO SIGNIFICANT WEATHER WAS OBSERVED.


RELATIVE HUMIDITY (PERCENT)
 HIGHEST    61          1100 PM
 LOWEST     22           400 PM
 AVERAGE    42

..........................................................


THE BURLINGTON IA CLIMATE NORMALS FOR TODAY
                         NORMAL    RECORD    YEAR
 MAXIMUM TEMPERATURE (F)   68        85      1954
 MINIMUM TEMPERATURE (F)   46        22      1956


SUNRISE AND SUNSET
APRIL 24 2018.........SUNRISE   612 AM CDT   SUNSET   754 PM CDT
APRIL 25 2018.........SUNRISE   611 AM CDT   SUNSET   755 PM CDT


-  INDICATES NEGATIVE NUMBERS.
R  INDICATES RECORD WAS SET OR TIED.
MM INDICATES DATA IS MISSING.
T  INDICATES TRACE AMOUNT.




$$
