297
CDAK49 PAFG 240055
CLIBRW

CLIMATE REPORT
NATIONAL WEATHER SERVICE FAIRBANKS AK
455 PM AKDT WED MAY 23 2018


...................................

...THE BARROW AK CLIMATE SUMMARY FOR MAY 23 2018...
VALID TODAY AS OF 0400 PM LOCAL TIME.

CLIMATE NORMAL PERIOD 1981 TO 2010
CLIMATE RECORD PERIOD 1920 TO 2018


WEATHER ITEM   OBSERVED TIME   RECORD YEAR NORMAL DEPARTURE LAST
                VALUE   (LST)  VALUE       VALUE  FROM      YEAR
                                                  NORMAL
..................................................................
TEMPERATURE (F)
 TODAY
  MAXIMUM         30    259 PM  47    1996  29      1       30
  MINIMUM         23   1254 AM  -1    1954  21      2       24
  AVERAGE         27                        25      2       27

PRECIPITATION (IN)
  TODAY           MM             0.25 1994   0.01  MM         T
  MONTH TO DATE    0.08                      0.12  -0.04     0.19
  SINCE MAR 1      0.68                      0.37   0.31     0.49
  SINCE JAN 1      1.08                      0.64   0.44     1.36

SNOWFALL (IN)
  TODAY           MM             2.0  1921   0.1   MM         T
  MONTH TO DATE    1.0                       2.1   -1.1      3.2
  SINCE MAR 1      7.7                       7.4    0.3      6.2
  SINCE JUL 1     34.9                      36.4   -1.5     33.1
  SNOW DEPTH      MM

DEGREE DAYS
 HEATING
  TODAY           38                        40     -2       38
  MONTH TO DATE 1019                      1060    -41      974
  SINCE MAR 1   4803                      5363   -560     4953
  SINCE JUL 1  15406                     18220  -2814    15915

 COOLING
  TODAY            0                         0      0        0
  MONTH TO DATE    0                         0      0        0
  SINCE MAR 1      0                         0      0        0
  SINCE JAN 1      0                         0      0        0
..................................................................


WIND (MPH)
  HIGHEST GUST SPEED    24   HIGHEST GUST DIRECTION     E (90)


SKY COVER
  AVERAGE SKY COVER 1.0


WEATHER CONDITIONS
 THE FOLLOWING WEATHER WAS RECORDED TODAY.
  LIGHT SNOW
  FOG


RELATIVE HUMIDITY (PERCENT)
 HIGHEST   100
 LOWEST     85
 AVERAGE    93

..........................................................


THE BARROW AK CLIMATE NORMALS FOR TOMORROW
                         NORMAL    RECORD    YEAR
 MAXIMUM TEMPERATURE (F)   30        43      2011
                                             2002
 MINIMUM TEMPERATURE (F)   22         3      2001


SUNRISE AND SUNSET
MAY 23 2018...........SUN ABOVE VISIBLE HORIZON.
MAY 24 2018...........SUN ABOVE VISIBLE HORIZON.

-  INDICATES NEGATIVE NUMBERS.
R  INDICATES RECORD WAS SET OR TIED.
MM INDICATES DATA IS MISSING.
T  INDICATES TRACE AMOUNT.

&&

SNOW DEPTH IS MEASURED AT 3AM AKST/4AM AKDT.

----------------------------
AVAILABLE DAYLIGHT

AMOUNT OF DAYLIGHT TODAY  (HOUR:MIN)........24:00
GAIN/LOSS SINCE YESTERDAY (HOUR:MIN:SEC)....+0:00:00

$$
AY MAY 18
