000
CDUS44 KLIX 250703
CLIBTR


CLIMATE REPORT
NATIONAL WEATHER SERVICE NEW ORLEANS
201 AM CDT FRI MAY 25 2018


...................................

...THE BATON ROUGE  ASOS CLIMATE SUMMARY FOR MAY 24 2018...

CLIMATE NORMAL PERIOD 1981 TO 2010
CLIMATE RECORD PERIOD 1894 TO 2018


WEATHER ITEM   OBSERVED TIME   RECORD YEAR NORMAL DEPARTURE LAST
                VALUE   (LST)  VALUE       VALUE  FROM      YEAR
                                                  NORMAL
..................................................................
TEMPERATURE (F)
 YESTERDAY
  MAXIMUM         90    222 PM  95    2010  88      2       77
                                      1941
                                      1915
  MINIMUM         71    558 AM  54    1913  67      4       59
  AVERAGE         81                        78      3       68

PRECIPITATION (IN)
  YESTERDAY        0.75          2.30 1907   0.18   0.57      T
  MONTH TO DATE    2.81                      3.71  -0.90     6.70
  SINCE MAR 1     13.34                     12.58   0.76    17.84
  SINCE JAN 1     24.53                     23.34   1.19    29.27

SNOWFALL (IN)
  YESTERDAY        0.0
  MONTH TO DATE    0.0
  SINCE MAR 1      0.0
  SINCE JUL 1      4.0
  SNOW DEPTH       0

DEGREE DAYS
 HEATING
  YESTERDAY        0                         0      0        0
  MONTH TO DATE    0                         0      0       10
  SINCE MAR 1    206                       218    -12      105
  SINCE JUL 1   1491                      1553    -62      809

 COOLING
  YESTERDAY       16                        13      3        3
  MONTH TO DATE  327                       240     87      176
  SINCE MAR 1    460                       440     20      514
  SINCE JAN 1    579                       471    108      657
..................................................................


WIND (MPH)
  HIGHEST WIND SPEED    28   HIGHEST WIND DIRECTION    SE (150)
  HIGHEST GUST SPEED    33   HIGHEST GUST DIRECTION    SE (150)
  AVERAGE WIND SPEED     5.6


SKY COVER
  POSSIBLE SUNSHINE  MM
  AVERAGE SKY COVER 0.4


WEATHER CONDITIONS
 THE FOLLOWING WEATHER WAS RECORDED YESTERDAY.
  THUNDERSTORM
  HEAVY RAIN
  RAIN
  LIGHT RAIN
  FOG


RELATIVE HUMIDITY (PERCENT)
 HIGHEST    93           500 AM
 LOWEST     47           200 PM
 AVERAGE    70

..........................................................


THE BATON ROUGE  ASOS CLIMATE NORMALS FOR TODAY
                         NORMAL    RECORD    YEAR
 MAXIMUM TEMPERATURE (F)   88        98      1922
                                             1921
 MINIMUM TEMPERATURE (F)   68        52      1979
                                             1940


SUNRISE AND SUNSET
MAY 25 2018...........SUNRISE   605 AM CDT   SUNSET   758 PM CDT
MAY 26 2018...........SUNRISE   605 AM CDT   SUNSET   759 PM CDT


-  INDICATES NEGATIVE NUMBERS.
R  INDICATES RECORD WAS SET OR TIED.
MM INDICATES DATA IS MISSING.
T  INDICATES TRACE AMOUNT.




$$
