000
CDUS41 KBUF 240705
CLIBUF


CLIMATE REPORT
NATIONAL WEATHER SERVICE BUFFALO NY
305 AM EDT TUE APR 24 2018


...................................

...THE BUFFALO NY CLIMATE SUMMARY FOR APRIL 23 2018...

CLIMATE NORMAL PERIOD 1981 TO 2010
CLIMATE RECORD PERIOD 1871 TO 2018


WEATHER ITEM   OBSERVED TIME   RECORD YEAR NORMAL DEPARTURE LAST
                VALUE   (LST)  VALUE       VALUE  FROM      YEAR
                                                  NORMAL
..................................................................
TEMPERATURE (F)
 YESTERDAY
  MAXIMUM         74    439 PM  88    1985  58     16       61
  MINIMUM         41    354 AM  23    1930  40      1       34
  AVERAGE         58                        49      9       48

PRECIPITATION (IN)
  YESTERDAY        0.00          1.34 1996   0.10  -0.10     0.00
  MONTH TO DATE    3.51                      2.34   1.17     4.86
  SINCE MAR 1      6.44                      5.21   1.23     9.22
  SINCE JAN 1     13.78                     10.88   2.90    14.40

SNOWFALL (IN)
  YESTERDAY        0.0           0.9  2012   0.0    0.0      0.0
  MONTH TO DATE    6.9                       2.5    4.4      2.3
  SINCE MAR 1     29.1                      15.4   13.7     29.1
  SINCE JUL 1    112.3                      94.2   18.1     76.1
  SNOW DEPTH       0

DEGREE DAYS
 HEATING
  YESTERDAY        7                        16     -9       17
  MONTH TO DATE  640                       472    168      372
  SINCE MAR 1   1674                      1433    241     1356
  SINCE JUL 1   6184                      6177      7     5248

 COOLING
  YESTERDAY        0                         0      0        0
  MONTH TO DATE    0                         0      0        2
  SINCE MAR 1      0                         0      0        2
  SINCE JAN 1      0                         0      0        2
..................................................................


WIND (MPH)
  HIGHEST WIND SPEED    17   HIGHEST WIND DIRECTION    NE (60)
  HIGHEST GUST SPEED    21   HIGHEST GUST DIRECTION    SE (120)
  AVERAGE WIND SPEED     7.8


SKY COVER
  AVERAGE SKY COVER 0.3


WEATHER CONDITIONS
 THE FOLLOWING WEATHER WAS RECORDED YESTERDAY.
  NO SIGNIFICANT WEATHER WAS OBSERVED.


RELATIVE HUMIDITY (PERCENT)
 HIGHEST    45           200 AM
 LOWEST     19          1100 AM
 AVERAGE    32

..........................................................


THE BUFFALO NY CLIMATE NORMALS FOR TODAY
                         NORMAL    RECORD    YEAR
 MAXIMUM TEMPERATURE (F)   59        87      1957
 MINIMUM TEMPERATURE (F)   40        23      1919


SUNRISE AND SUNSET
APRIL 24 2018.........SUNRISE   619 AM EDT   SUNSET   808 PM EDT
APRIL 25 2018.........SUNRISE   618 AM EDT   SUNSET   809 PM EDT


-  INDICATES NEGATIVE NUMBERS.
R  INDICATES RECORD WAS SET OR TIED.
MM INDICATES DATA IS MISSING.
T  INDICATES TRACE AMOUNT.




$$
