000
CDUS46 KLOX 220940
CLIBUR


CLIMATE REPORT
NATIONAL WEATHER SERVICE LOS ANGELES/OXNARD CA
240 AM PDT SUN APR 22 2018


...................................

...THE BOB HOPE AIRPORT (BURBANK) CA CLIMATE SUMMARY FOR APRIL 21 2018...

CLIMATE NORMAL PERIOD 1981 TO 2010
CLIMATE RECORD PERIOD 1939 TO 2018


WEATHER ITEM   OBSERVED TIME   RECORD YEAR NORMAL DEPARTURE LAST
                VALUE   (LST)  VALUE       VALUE  FROM      YEAR
                                                  NORMAL
..................................................................
TEMPERATURE (F)
 YESTERDAY
  MAXIMUM         89    212 PM  97    2009  74     15       93
  MINIMUM         53    601 AM  37    1978  51      2       58
  AVERAGE         71                        62      9       76

PRECIPITATION (IN)
  YESTERDAY        0.00          0.73 1955   0.04  -0.04     0.00
  MONTH TO DATE    T                         0.87  -0.87     0.09
  SINCE OCT 1      6.23                     16.29 -10.06    13.70
  SINCE JAN 1      6.15                     11.85  -5.70     9.44

SNOWFALL (IN)
  YESTERDAY        0.0
  MONTH TO DATE    0.0
  SINCE MAR 1      0.0
  SINCE JUL 1      0.0

DEGREE DAYS
 HEATING
  YESTERDAY        0                         4     -4        0
  MONTH TO DATE   47                       107    -60       37
  SINCE MAR 1    245                       325    -80      125
  SINCE JUL 1    751                      1466   -715     1118

 COOLING
  YESTERDAY        6                         1      5       11
  MONTH TO DATE   41                        21     20       26
  SINCE MAR 1     48                        31     17       92
  SINCE JAN 1     82                        37     45       93
..................................................................


WIND (MPH)
  HIGHEST WIND SPEED    16   HIGHEST WIND DIRECTION    SW (220)
  HIGHEST GUST SPEED    20   HIGHEST GUST DIRECTION    SW (220)
  AVERAGE WIND SPEED     4.8


SKY COVER
  POSSIBLE SUNSHINE  MM
  AVERAGE SKY COVER 0.0


WEATHER CONDITIONS
 THE FOLLOWING WEATHER WAS RECORDED YESTERDAY.
  HAZE


RELATIVE HUMIDITY (PERCENT)
 HIGHEST    83           100 AM
 LOWEST     13           300 PM
 AVERAGE    48

..........................................................


THE BOB HOPE AIRPORT (BURBANK) CA CLIMATE NORMALS FOR TODAY
                         NORMAL    RECORD    YEAR
 MAXIMUM TEMPERATURE (F)   74        96      1946
 MINIMUM TEMPERATURE (F)   51        36      1978


SUNRISE AND SUNSET
APRIL 22 2018.........SUNRISE   614 AM PDT   SUNSET   731 PM PDT
APRIL 23 2018.........SUNRISE   613 AM PDT   SUNSET   731 PM PDT


-  INDICATES NEGATIVE NUMBERS.
R  INDICATES RECORD WAS SET OR TIED.
MM INDICATES DATA IS MISSING.
T  INDICATES TRACE AMOUNT.




$$
