000
CDUS45 KRIW 210738
CLIBYG


CLIMATE REPORT
NATIONAL WEATHER SERVICE RIVERTON WY
137 AM MDT SAT APR 21 2018


...................................

...THE BUFFALO WY CLIMATE SUMMARY FOR APRIL 20 2018...

CLIMATE NORMAL PERIOD 1981 TO 2010
CLIMATE RECORD PERIOD 1998 TO 2018


WEATHER ITEM   OBSERVED TIME   RECORD YEAR NORMAL DEPARTURE LAST
                VALUE   (LST)  VALUE       VALUE  FROM      YEAR
                                                  NORMAL
..................................................................
TEMPERATURE (F)
 YESTERDAY
  MAXIMUM         56    115 PM  68    2012  55      1       61
                                      2009
  MINIMUM         36   1157 PM  17    2008  34      2       34
  AVERAGE         46                        45      1       48

PRECIPITATION (IN)
  YESTERDAY        0.00          0.75 1999   0.04  -0.04     0.00
  MONTH TO DATE    0.41                      0.66  -0.25     0.92
  SINCE MAR 1      1.34                      1.58  -0.24     2.94
  SINCE JAN 1      1.68                      2.35  -0.67     3.37

DEGREE DAYS
 HEATING
  YESTERDAY       19                        20     -1       17
  MONTH TO DATE  535                       468     67      349
  SINCE MAR 1   1461                      1418     43     1039
  SINCE JUL 1   6605                      6658    -53     5881

 COOLING
  YESTERDAY        0                         0      0        0
  MONTH TO DATE    0                         0      0        0
  SINCE MAR 1      0                         0      0        0
  SINCE JAN 1      0                         0      0        0
..................................................................


WIND (MPH)
  HIGHEST WIND SPEED    18   HIGHEST WIND DIRECTION     N (350)
  HIGHEST GUST SPEED    24   HIGHEST GUST DIRECTION     N (340)
  AVERAGE WIND SPEED     8.9


SKY COVER
  POSSIBLE SUNSHINE  MM
  AVERAGE SKY COVER 0.3


WEATHER CONDITIONS
 THE FOLLOWING WEATHER WAS RECORDED YESTERDAY.
  NO SIGNIFICANT WEATHER WAS OBSERVED.


RELATIVE HUMIDITY (PERCENT)
 HIGHEST    85          1100 PM
 LOWEST     41           100 PM
 AVERAGE    63

..........................................................


THE BUFFALO WY CLIMATE NORMALS FOR TODAY
                         NORMAL    RECORD    YEAR
 MAXIMUM TEMPERATURE (F)   56        72      2009
 MINIMUM TEMPERATURE (F)   34        14      2008


SUNRISE AND SUNSET
APRIL 21 2018.........SUNRISE   613 AM MDT   SUNSET   759 PM MDT
APRIL 22 2018.........SUNRISE   611 AM MDT   SUNSET   800 PM MDT


-  INDICATES NEGATIVE NUMBERS.
R  INDICATES RECORD WAS SET OR TIED.
MM INDICATES DATA IS MISSING.
T  INDICATES TRACE AMOUNT.




$$
