000
CDUS46 KEKA 230019
CLICEC


CLIMATE REPORT
NATIONAL WEATHER SERVICE EUREKA CA
519 PM PDT SUN APR 22 2018


...................................

...THE CRESCENT CITY CA CLIMATE SUMMARY FOR APRIL 22 2018...
VALID TODAY AS OF 0500 PM LOCAL TIME.

CLIMATE NORMAL PERIOD 1981 TO 2010
CLIMATE RECORD PERIOD 1894 TO 2018


WEATHER ITEM   OBSERVED TIME   RECORD YEAR NORMAL DEPARTURE LAST
                VALUE   (LST)  VALUE       VALUE  FROM      YEAR
                                                  NORMAL
..................................................................
TEMPERATURE (F)
 TODAY
  MAXIMUM         56    317 PM  73    1982  55      1       59
  MINIMUM         43    243 AM  35    1960  45     -2       48
  AVERAGE         50                        50      0       54

PRECIPITATION (IN)
  TODAY            0.00          1.95 1990   0.13  -0.13     0.16
  MONTH TO DATE    4.51                      4.18   0.33     6.70
  SINCE OCT 1     43.75                     56.55 -12.80    88.79
  SINCE JAN 1     29.73                     31.31  -1.58    43.69

SNOWFALL (IN)
  TODAY            0.0          MM      MM  MM     MM       MM
  MONTH TO DATE    0.0                      MM     MM        0.0
  SINCE MAR 1      0.0                      MM     MM        0.0
  SINCE JUL 1      0.0                      MM     MM        0.0
  SNOW DEPTH       0

..................................................................


WIND (MPH)
  HIGHEST WIND SPEED    28   HIGHEST WIND DIRECTION     N (340)
  HIGHEST GUST SPEED    39   HIGHEST GUST DIRECTION    NW (330)
  AVERAGE WIND SPEED    12.0


SKY COVER
  AVERAGE SKY COVER 0.3


WEATHER CONDITIONS
 THE FOLLOWING WEATHER WAS RECORDED TODAY.
  FOG


RELATIVE HUMIDITY (PERCENT)
 HIGHEST   100
 LOWEST     66
 AVERAGE    83

..........................................................


THE CRESCENT CITY CA CLIMATE NORMALS FOR TOMORROW
                         NORMAL    RECORD    YEAR
 MAXIMUM TEMPERATURE (F)   55        71      1995
 MINIMUM TEMPERATURE (F)   45        33      1961


SUNRISE AND SUNSET
APRIL 22 2018.........SUNRISE   626 AM PDT   SUNSET   806 PM PDT
APRIL 23 2018.........SUNRISE   624 AM PDT   SUNSET   807 PM PDT


-  INDICATES NEGATIVE NUMBERS.
R  INDICATES RECORD WAS SET OR TIED.
MM INDICATES DATA IS MISSING.
T  INDICATES TRACE AMOUNT.




$$
