000
CDUS44 KMRX 270813
CLICHA


CLIMATE REPORT
NATIONAL WEATHER SERVICE MORRISTOWN TN
412 AM EDT FRI APR 27 2018


...................................

...THE CHATTANOOGA  ASOS CLIMATE SUMMARY FOR APRIL 26 2018...

CLIMATE NORMAL PERIOD 1981 TO 2010
CLIMATE RECORD PERIOD 1879 TO 2018


WEATHER ITEM   OBSERVED TIME   RECORD YEAR NORMAL DEPARTURE LAST
                VALUE   (LST)  VALUE       VALUE  FROM      YEAR
                                                  NORMAL
..................................................................
TEMPERATURE (F)
 YESTERDAY
  MAXIMUM         58    401 PM  91    1986  75    -17       82
  MINIMUM         49   1159 PM  35    1983  51     -2       55
                                      1972
  AVERAGE         54                        63     -9       69

PRECIPITATION (IN)
  YESTERDAY        0.33          2.37 1973   0.13   0.20     0.00
  MONTH TO DATE    6.59                      3.47   3.12     9.19
  SINCE MAR 1      9.32                      8.45   0.87    13.32
  SINCE JAN 1     20.19                     18.20   1.99    21.75

SNOWFALL (IN)
  YESTERDAY        0.0                       0.0    0.0      0.0
  MONTH TO DATE    0.0                       0.1   -0.1      0.0
  SINCE MAR 1      T                         1.3   -1.3       T
  SINCE JUL 1      0.8                       3.9   -3.1      0.3
  SNOW DEPTH       0

DEGREE DAYS
 HEATING
  YESTERDAY       11                         4      7        0
  MONTH TO DATE  211                       163     48       55
  SINCE MAR 1    633                       567     66      383
  SINCE JUL 1   3031                      3189   -158     2194

 COOLING
  YESTERDAY        0                         2     -2        4
  MONTH TO DATE   14                        32    -18       76
  SINCE MAR 1     18                        39    -21       95
  SINCE JAN 1     43                        39      4       95
..................................................................


WIND (MPH)
  HIGHEST WIND SPEED    14   HIGHEST WIND DIRECTION     N (10)
  HIGHEST GUST SPEED    17   HIGHEST GUST DIRECTION     N (10)
  AVERAGE WIND SPEED     4.2


SKY COVER
  POSSIBLE SUNSHINE  MM
  AVERAGE SKY COVER 0.8


WEATHER CONDITIONS
 THE FOLLOWING WEATHER WAS RECORDED YESTERDAY.
  RAIN
  LIGHT RAIN
  FOG
  HAZE


RELATIVE HUMIDITY (PERCENT)
 HIGHEST    96           400 AM
 LOWEST     80          1200 AM
 AVERAGE    88

..........................................................


THE CHATTANOOGA  ASOS CLIMATE NORMALS FOR TODAY
                         NORMAL    RECORD    YEAR
 MAXIMUM TEMPERATURE (F)   76        92      1986
 MINIMUM TEMPERATURE (F)   52        34      1972


SUNRISE AND SUNSET
APRIL 27 2018.........SUNRISE   654 AM EDT   SUNSET   823 PM EDT
APRIL 28 2018.........SUNRISE   653 AM EDT   SUNSET   824 PM EDT


-  INDICATES NEGATIVE NUMBERS.
R  INDICATES RECORD WAS SET OR TIED.
MM INDICATES DATA IS MISSING.
T  INDICATES TRACE AMOUNT.




$$
