000
CDUS43 KDVN 262123
CLICID


CLIMATE REPORT
NATIONAL WEATHER SERVICE QUAD CITIES IA IL
422 PM CDT SAT MAY 26 2018


...................................

...THE CEDAR RAPIDS IA CLIMATE SUMMARY FOR MAY 26 2018...
VALID TODAY AS OF 0400 PM LOCAL TIME.

CLIMATE NORMAL PERIOD 1981 TO 2010
CLIMATE RECORD PERIOD 1891 TO 2018


WEATHER ITEM   OBSERVED TIME   RECORD YEAR NORMAL DEPARTURE LAST
                VALUE   (LST)  VALUE       VALUE  FROM      YEAR
                                                  NORMAL
..................................................................
TEMPERATURE (F)
 TODAY
  MAXIMUM         90    257 PM  96    1978  74     16       68
  MINIMUM         62    256 AM  29    1925  53      9       54
  AVERAGE         76                        64     12       61

PRECIPITATION (IN)
  TODAY            0.63         MM      MM   0.13   0.50     0.59
  MONTH TO DATE    4.21                      3.45   0.76     3.53
  SINCE MAR 1      6.54                      8.60  -2.06    10.08
  SINCE JAN 1      8.57                     10.74  -2.17    12.25

DEGREE DAYS
 HEATING
  TODAY            0                         4     -4        4
  MONTH TO DATE   43                       177   -134      209
  SINCE MAR 1   1653                      1539    114     1444
  SINCE JUL 1   6708                      6822   -114     5720

 COOLING
  TODAY           11                         2      9        0
  MONTH TO DATE   87                        29     58       29
  SINCE MAR 1     89                        36     53       38
  SINCE JAN 1     89                        36     53       38
..................................................................


WIND (MPH)
  HIGHEST WIND SPEED    39   HIGHEST WIND DIRECTION    NW (310)
  HIGHEST GUST SPEED    46   HIGHEST GUST DIRECTION    NW (310)
  AVERAGE WIND SPEED     7.1


SKY COVER
  POSSIBLE SUNSHINE  MM
  AVERAGE SKY COVER 0.1


WEATHER CONDITIONS
 THE FOLLOWING WEATHER WAS RECORDED TODAY.
  THUNDERSTORM
  HEAVY RAIN
  RAIN
  LIGHT RAIN
  FOG
  HAZE


RELATIVE HUMIDITY (PERCENT)
 HIGHEST   100           300 AM
 LOWEST     44           300 PM
 AVERAGE    72

..........................................................


THE CEDAR RAPIDS IA CLIMATE NORMALS FOR TOMORROW
                         NORMAL    RECORD    YEAR
 MAXIMUM TEMPERATURE (F)   75        94      1914
 MINIMUM TEMPERATURE (F)   53        35      1992


SUNRISE AND SUNSET
MAY 26 2018...........SUNRISE   537 AM CDT   SUNSET   831 PM CDT
MAY 27 2018...........SUNRISE   537 AM CDT   SUNSET   832 PM CDT


-  INDICATES NEGATIVE NUMBERS.
R  INDICATES RECORD WAS SET OR TIED.
MM INDICATES DATA IS MISSING.
T  INDICATES TRACE AMOUNT.




$$
