699
CDUS41 KCLE 220545
CLICLE


CLIMATE REPORT
NATIONAL WEATHER SERVICE CLEVELAND OH
145 AM EDT TUE MAY 22 2018


...................................

...THE CLEVELAND OH CLIMATE SUMMARY FOR MAY 21 2018...

CLIMATE NORMAL PERIOD 1981 TO 2010
CLIMATE RECORD PERIOD 1871 TO 2018


WEATHER ITEM   OBSERVED TIME   RECORD YEAR NORMAL DEPARTURE LAST
                VALUE   (LST)  VALUE       VALUE  FROM      YEAR
                                                  NORMAL
..................................................................
TEMPERATURE (F)
 YESTERDAY
  MAXIMUM         71   1241 PM  89    1941  71      0       76
                                      1934
  MINIMUM         52    432 AM  32    1895  52      0       65
  AVERAGE         62                        61      1       71

PRECIPITATION (IN)
  YESTERDAY        0.55                      0.12   0.43     0.26
  MONTH TO DATE    4.59                      2.42   2.17     2.94
  SINCE MAR 1     12.98                      8.84   4.14    11.45
  SINCE JAN 1     18.50                     13.90   4.60    18.91

SNOWFALL (IN)
  YESTERDAY        0.0                       0.0    0.0      0.0
  MONTH TO DATE    0.0                       0.1   -0.1      0.0
  SINCE MAR 1     16.0                      16.0    0.0     12.1
  SINCE JUL 1     53.1                      68.2  -15.1     37.3
  SNOW DEPTH       0

DEGREE DAYS
 HEATING
  YESTERDAY        3                         6     -3        0
  MONTH TO DATE   60                       166   -106      188
  SINCE MAR 1   1635                      1460    175     1232
  SINCE JUL 1   5622                      5677    -55     4543

 COOLING
  YESTERDAY        0                         2     -2        6
  MONTH TO DATE   39                        26     13       39
  SINCE MAR 1     39                        37      2       70
  SINCE JAN 1     42                        37      5       70
..................................................................


WIND (MPH)
  HIGHEST WIND SPEED    14   HIGHEST WIND DIRECTION     S (160)
  HIGHEST GUST SPEED    19   HIGHEST GUST DIRECTION    NW (330)
  AVERAGE WIND SPEED     7.3


SKY COVER
  POSSIBLE SUNSHINE  MM
  AVERAGE SKY COVER 0.9


WEATHER CONDITIONS
 THE FOLLOWING WEATHER WAS RECORDED YESTERDAY.
  THUNDERSTORM
  RAIN
  LIGHT RAIN
  FOG


RELATIVE HUMIDITY (PERCENT)
 HIGHEST    93           800 PM
 LOWEST     59           300 PM
 AVERAGE    76

..........................................................


THE CLEVELAND OH CLIMATE NORMALS FOR TODAY
                         NORMAL    RECORD    YEAR
 MAXIMUM TEMPERATURE (F)   71        89      1911
 MINIMUM TEMPERATURE (F)   52        35      2002


SUNRISE AND SUNSET
MAY 22 2018...........SUNRISE   602 AM EDT   SUNSET   846 PM EDT
MAY 23 2018...........SUNRISE   602 AM EDT   SUNSET   847 PM EDT


-  INDICATES NEGATIVE NUMBERS.
R  INDICATES RECORD WAS SET OR TIED.
MM INDICATES DATA IS MISSING.
T  INDICATES TRACE AMOUNT.




$$
