000
CDUS43 KTOP 272133
CLICNK


CLIMATE REPORT
NATIONAL WEATHER SERVICE TOPEKA KS
433 PM CDT SUN MAY 27 2018


...................................

...THE CONCORDIA KS CLIMATE SUMMARY FOR MAY 27 2018...
VALID TODAY AS OF 430 PM LOCAL TIME.

CLIMATE NORMAL PERIOD 1981 TO 2010
CLIMATE RECORD PERIOD 1885 TO 2018


WEATHER ITEM   OBSERVED TIME   RECORD YEAR NORMAL DEPARTURE LAST
                VALUE   (LST)  VALUE       VALUE  FROM      YEAR
                                                  NORMAL
..................................................................
TEMPERATURE (F)
 TODAY
  MAXIMUM         97R   258 PM  95    2006  78     19       75
  MINIMUM         71    540 AM  34    1907  56     15       58
  AVERAGE         84                        67     17       67

PRECIPITATION (IN)
  TODAY            0.00          2.44 1953   0.15  -0.15     0.51
  MONTH TO DATE    3.65                      3.59   0.06     7.67
  SINCE MAR 1      5.22                      8.05  -2.83    16.20
  SINCE JAN 1      6.21                      9.42  -3.21    18.05

SNOWFALL (IN)
  TODAY           MM             T    1908   0.0   MM        0.0
  MONTH TO DATE    0.0                       0.0    0.0       T
  SINCE JAN 1      9.8                      13.7   -3.9      2.1
  SINCE JUL 1     11.6                      20.2   -8.6      4.3
  SNOW DEPTH      MM

DEGREE DAYS
 HEATING
  TODAY            0                         2     -2        0
  MONTH TO DATE    8                       123   -115      145
  SINCE MAR 1   1221                      1180     41     1062
  SINCE JUL 1   5306                      5387    -81     4563

 COOLING
  TODAY           19                         4     15        2
  MONTH TO DATE  165                        54    111       57
  SINCE MAR 1    174                        71    103       76
  SINCE JAN 1    174                        71    103       76
..................................................................


WIND (MPH)
  HIGHEST WIND SPEED    22   HIGHEST WIND DIRECTION     S (170)
  HIGHEST GUST SPEED    29   HIGHEST GUST DIRECTION     S (170)
  AVERAGE WIND SPEED    12.1



WEATHER CONDITIONS
 THE FOLLOWING WEATHER WAS RECORDED TODAY.
  NO SIGNIFICANT WEATHER WAS OBSERVED.


RELATIVE HUMIDITY (PERCENT)
 HIGHEST    79           500 AM
 LOWEST     25           300 PM
 AVERAGE    52

..........................................................


THE CONCORDIA KS CLIMATE NORMALS FOR TOMORROW
                         NORMAL    RECORD    YEAR
 MAXIMUM TEMPERATURE (F)   78        96      1921
 MINIMUM TEMPERATURE (F)   56        37      1992
                                             1947


SUNRISE AND SUNSET
MAY 27 2018...........SUNRISE   608 AM CDT   SUNSET   848 PM CDT
MAY 28 2018...........SUNRISE   607 AM CDT   SUNSET   849 PM CDT


-  INDICATES NEGATIVE NUMBERS.
R  INDICATES RECORD WAS SET OR TIED.
MM INDICATES DATA IS MISSING.
T  INDICATES TRACE AMOUNT.




$$
