000
CDUS41 KGYX 202044
CLICON


CLIMATE REPORT
NATIONAL WEATHER SERVICE GRAY ME
444 PM EDT SUN MAY 20 2018


...................................

...THE CONCORD NH CLIMATE SUMMARY FOR MAY 20 2018...
VALID TODAY AS OF 0400 PM LOCAL TIME.

CLIMATE NORMAL PERIOD 1981 TO 2010
CLIMATE RECORD PERIOD 1868 TO 2018


WEATHER ITEM   OBSERVED TIME   RECORD YEAR NORMAL DEPARTURE LAST
                VALUE   (LST)  VALUE       VALUE  FROM      YEAR
                                                  NORMAL
..................................................................
TEMPERATURE (F)
 TODAY
  MAXIMUM         76   1101 AM  96    1975  70      6       73
  MINIMUM         49   1217 AM  25    2002  44      5       43
  AVERAGE         63                        57      6       58

PRECIPITATION (IN)
  TODAY            0.01          1.15 1892   0.12  -0.11     0.00
  MONTH TO DATE    0.59                      2.27  -1.68     3.87
  SINCE MAR 1      7.49                      8.95  -1.46    12.08
  SINCE JAN 1     14.25                     14.27  -0.02    17.03

SNOWFALL (IN)
  TODAY            0.0           0.0  2002   0.0    0.0      0.0
                                      2001
                                      2000
  MONTH TO DATE    0.0                       0.2   -0.2      0.0
  SINCE MAR 1     30.4                      14.1   16.3     29.3
  SINCE JUL 1     87.9                      61.6   26.3     86.3
  SNOW DEPTH       0

DEGREE DAYS
 HEATING
  TODAY            2                         9     -7        7
  MONTH TO DATE  129                       226    -97      240
  SINCE MAR 1   1793                      1813    -20     1814
  SINCE JUL 1   6590                      7073   -483     6312

 COOLING
  TODAY            0                         1     -1        0
  MONTH TO DATE   18                         3     15       24
  SINCE MAR 1     18                         5     13       32
  SINCE JAN 1     18                         5     13       32
..................................................................


WIND (MPH)
  HIGHEST WIND SPEED    21   HIGHEST WIND DIRECTION    NW (300)
  HIGHEST GUST SPEED    27   HIGHEST GUST DIRECTION    NW (310)
  AVERAGE WIND SPEED     5.9


SKY COVER
  POSSIBLE SUNSHINE  MM
  AVERAGE SKY COVER 0.9


WEATHER CONDITIONS
 THE FOLLOWING WEATHER WAS RECORDED TODAY.
  LIGHT RAIN
  FOG
  FOG W/VISIBILITY <= 1/4 MILE


RELATIVE HUMIDITY (PERCENT)
 HIGHEST   100          1200 AM
 LOWEST     68          1200 PM
 AVERAGE    84

..........................................................


THE CONCORD NH CLIMATE NORMALS FOR TOMORROW
                         NORMAL    RECORD    YEAR
 MAXIMUM TEMPERATURE (F)   70        93      1871
 MINIMUM TEMPERATURE (F)   44        28      1974


SUNRISE AND SUNSET
MAY 20 2018...........SUNRISE   517 AM EDT   SUNSET   808 PM EDT
MAY 21 2018...........SUNRISE   517 AM EDT   SUNSET   809 PM EDT


-  INDICATES NEGATIVE NUMBERS.
R  INDICATES RECORD WAS SET OR TIED.
MM INDICATES DATA IS MISSING.
T  INDICATES TRACE AMOUNT.




$$
