000
CDUS45 KPUB 220029
CLICOS


CLIMATE REPORT
NATIONAL WEATHER SERVICE PUEBLO
628 PM MDT SAT APR 21 2018


...................................

...THE COLORADO SPRINGS CO CLIMATE SUMMARY FOR APRIL 21 2018...
VALID TODAY AS OF 0500 PM LOCAL TIME.

CLIMATE NORMAL PERIOD 1981 TO 2010
CLIMATE RECORD PERIOD 1872 TO 2018


WEATHER ITEM   OBSERVED TIME   RECORD YEAR NORMAL DEPARTURE LAST
                VALUE   (LST)  VALUE       VALUE  FROM      YEAR
                                                  NORMAL
..................................................................
TEMPERATURE (F)
 TODAY
  MAXIMUM         41    458 PM  83    1989  61    -20       53
  MINIMUM         32    440 AM  12    1907  35     -3       37
  AVERAGE         37                        48    -11       45

PRECIPITATION (IN)
  TODAY            0.02          0.52 1999   0.05  -0.03     0.33
  MONTH TO DATE    1.02                      0.89   0.13     1.82
  SINCE MAR 1      1.62                      1.89  -0.27     2.26
  SINCE JAN 1      2.18                      2.55  -0.37     2.65

SNOWFALL (IN)
  TODAY            T             4.0  1933   0.2   -0.2       T
  MONTH TO DATE    4.9                       3.7    1.2      8.9
  SINCE MAR 1      8.0                      11.8   -3.8     10.9
  SINCE JUL 1     21.2                      35.8  -14.6     24.3
  SNOW DEPTH       1

DEGREE DAYS
 HEATING
  TODAY           28                        17     11       20
  MONTH TO DATE  423                       415      8      302
  SINCE MAR 1   1106                      1220   -114      862
  SINCE JUL 1   5090                      5783   -693     4615

 COOLING
  TODAY            0                         0      0        0
  MONTH TO DATE    0                         0      0        0
  SINCE MAR 1      0                         0      0        0
  SINCE JAN 1      0                         0      0        0
..................................................................


WIND (MPH)
  HIGHEST WIND SPEED    20   HIGHEST WIND DIRECTION     N (340)
  HIGHEST GUST SPEED    25   HIGHEST GUST DIRECTION     N (340)
  AVERAGE WIND SPEED    10.0


SKY COVER
  POSSIBLE SUNSHINE  MM
  AVERAGE SKY COVER 1.0


WEATHER CONDITIONS
 THE FOLLOWING WEATHER WAS RECORDED TODAY.
  LIGHT SNOW
  FOG
  FOG W/VISIBILITY <= 1/4 MILE
  HAZE


RELATIVE HUMIDITY (PERCENT)
 HIGHEST   100          1200 AM
 LOWEST     65           200 PM
 AVERAGE    83

..........................................................


THE COLORADO SPRINGS CO CLIMATE NORMALS FOR TOMORROW
                         NORMAL    RECORD    YEAR
 MAXIMUM TEMPERATURE (F)   62        83      1989
 MINIMUM TEMPERATURE (F)   35        21      1982


SUNRISE AND SUNSET
APRIL 21 2018.........SUNRISE   614 AM MDT   SUNSET   742 PM MDT
APRIL 22 2018.........SUNRISE   613 AM MDT   SUNSET   743 PM MDT


-  INDICATES NEGATIVE NUMBERS.
R  INDICATES RECORD WAS SET OR TIED.
MM INDICATES DATA IS MISSING.
T  INDICATES TRACE AMOUNT.




$$
