000
CDUS42 KILM 260845
CLICRE


CLIMATE REPORT
NATIONAL WEATHER SERVICE WILMINGTON NC
444 AM EDT THU APR 26 2018


...................................

...THE N.MYRTLE BEACH SOUTH CAROLINA CLIMATE SUMMARY FOR APRIL 25 2018...

CLIMATE NORMAL PERIOD 1981 TO 2010
CLIMATE RECORD PERIOD 1949 TO 2018


WEATHER ITEM   OBSERVED TIME   RECORD YEAR NORMAL DEPARTURE LAST
                VALUE   (LST)  VALUE       VALUE  FROM      YEAR
                                                  NORMAL
..................................................................
TEMPERATURE (F)
 YESTERDAY
  MAXIMUM         76    531 PM  84    2006  74      2       68
                                      1990
  MINIMUM         59   1145 PM  41    1993  55      4       59
  AVERAGE         68                        64      4       64

PRECIPITATION (IN)
  YESTERDAY        0.00          1.05 2003   0.08  -0.08      T
  MONTH TO DATE    5.04                      2.51   2.53     3.44
  SINCE MAR 1      7.04                      6.43   0.61     5.38
  SINCE JAN 1     12.75                     13.54  -0.79     8.91

SNOWFALL (IN)
  YESTERDAY       MM            MM          MM
  MONTH TO DATE   MM                        MM
  SINCE MAR 1     MM                        MM
  SINCE JUL 1     MM                        MM
  SNOW DEPTH      MM

DEGREE DAYS
 HEATING
  YESTERDAY        0                         3     -3        1
  MONTH TO DATE  159                       129     30       48
  SINCE MAR 1    555                       467     88      392
  SINCE JUL 1   2319                      2411    -92     1796

 COOLING
  YESTERDAY        3                         2      1        0
  MONTH TO DATE   22                        27     -5       58
  SINCE MAR 1     22                        30     -8       70
  SINCE JAN 1     42                        30     12       71
..................................................................


WIND (MPH)
  RESULTANT WIND SPEED   7   RESULTANT WIND DIRECTION  SW (220)
  HIGHEST WIND SPEED    21   HIGHEST WIND DIRECTION    SW (210)
  HIGHEST GUST SPEED    27   HIGHEST GUST DIRECTION     S (200)
  AVERAGE WIND SPEED     8.1


SKY COVER
  POSSIBLE SUNSHINE  MM
  AVERAGE SKY COVER 0.4


WEATHER CONDITIONS
 THE FOLLOWING WEATHER WAS RECORDED YESTERDAY.
  NO SIGNIFICANT WEATHER WAS OBSERVED.


RELATIVE HUMIDITY (PERCENT)
 HIGHEST    97          1100 PM
 LOWEST     50           600 PM
 AVERAGE    74

..........................................................


THE N.MYRTLE BEACH SOUTH CAROLINA CLIMATE NORMALS FOR TODAY
                         NORMAL    RECORD    YEAR
 MAXIMUM TEMPERATURE (F)   74        92      1990
 MINIMUM TEMPERATURE (F)   55        42      2001


SUNRISE AND SUNSET
APRIL 26 2018.........SUNRISE   631 AM EDT   SUNSET   754 PM EDT
APRIL 27 2018.........SUNRISE   630 AM EDT   SUNSET   755 PM EDT


-  INDICATES NEGATIVE NUMBERS.
R  INDICATES RECORD WAS SET OR TIED.
MM INDICATES DATA IS MISSING.
T  INDICATES TRACE AMOUNT.




$$
