545
CDUS42 KTAE 210641
CLICTY


CLIMATE REPORT
NATIONAL WEATHER SERVICE TALLAHASSEE FL
240 AM EDT MON MAY 21 2018


...................................

...THE CROSS CITY  CLIMATE SUMMARY FOR MAY 20 2018...

CLIMATE NORMAL PERIOD 1981 TO 2010
CLIMATE RECORD PERIOD 1948 TO 2018


WEATHER ITEM   OBSERVED TIME   NORMAL DEPARTURE LAST
                VALUE   (LST)  VALUE  FROM      YEAR
                                      NORMAL
......................................................
TEMPERATURE (F)
 YESTERDAY
  MAXIMUM         73        MM  89    -16       95
  MINIMUM         68        MM  63      5       73
  AVERAGE         71            76     -5

PRECIPITATION (IN)
  YESTERDAY        0.65          0.08   0.57     0.00
  MONTH TO DATE    5.74          1.41   4.33     1.07
  SINCE MAR 1     16.65          8.58   8.07     4.04
  SINCE JAN 1     24.33         15.89   8.44     6.59

DEGREE DAYS
 HEATING
  YESTERDAY        0             0      0
  MONTH TO DATE    0             0      0
  SINCE MAR 1    215           183     32
  SINCE JUL 1   1164          1303   -139

 COOLING
  YESTERDAY        6            11     -5
  MONTH TO DATE  182           164     18
  SINCE MAR 1    314           319     -5
  SINCE JAN 1    425           346     79
......................................................


WIND (MPH)
  RESULTANT WIND SPEED   4   RESULTANT WIND DIRECTION   E (80)
  HIGHEST WIND SPEED     7   HIGHEST WIND DIRECTION     E (70)
  HIGHEST GUST SPEED    MM   HIGHEST GUST DIRECTION    MM
  AVERAGE WIND SPEED     4.3



WEATHER CONDITIONS
 THE FOLLOWING WEATHER WAS RECORDED YESTERDAY.
  HEAVY RAIN
  RAIN
  LIGHT RAIN
  FOG


RELATIVE HUMIDITY (PERCENT)
 HIGHEST   100
 LOWEST     97

..........................................................




SUNRISE AND SUNSET
MAY 21 2018...........SUNRISE   636 AM EDT   SUNSET   822 PM EDT
MAY 22 2018...........SUNRISE   636 AM EDT   SUNSET   822 PM EDT


-  INDICATES NEGATIVE NUMBERS.
R  INDICATES RECORD WAS SET OR TIED.
MM INDICATES DATA IS MISSING.
T  INDICATES TRACE AMOUNT.




$$
