000
CDUS41 KILN 232055
CLICVG


CLIMATE REPORT
NATIONAL WEATHER SERVICE WILMINGTON OH
454 PM EDT WED MAY 23 2018


...................................

...THE CINCINNATI OH CLIMATE SUMMARY FOR MAY 23 2018...
VALID TODAY AS OF 0400 PM LOCAL TIME.

CLIMATE NORMAL PERIOD 1981 TO 2010
CLIMATE RECORD PERIOD 1869 TO 2018


WEATHER ITEM   OBSERVED TIME   RECORD YEAR NORMAL DEPARTURE LAST
                VALUE   (LST)  VALUE       VALUE  FROM      YEAR
                                                  NORMAL
..................................................................
TEMPERATURE (F)
 TODAY
  MAXIMUM         81    330 PM  89    1970  76      5       75
                                      1939
                                      1925
  MINIMUM         62    600 AM  34    1963  55      7       48
  AVERAGE         72                        65      7       62

PRECIPITATION (IN)
  TODAY            0.00          2.96 1998   0.15  -0.15     0.00
  MONTH TO DATE    2.34                      3.65  -1.31     4.33
  SINCE MAR 1     10.12                     11.50  -1.38    14.30
  SINCE JAN 1     20.13                     17.31   2.82    21.52

SNOWFALL (IN)
  TODAY            0.0           0.0    MM   0.0    0.0      0.0
  MONTH TO DATE    0.0                       0.0    0.0      0.0
  SINCE MAR 1     12.2                       3.5    8.7      2.0
  SINCE JUL 1     23.8                      22.1    1.7     10.0
  SNOW DEPTH       0

DEGREE DAYS
 HEATING
  TODAY            0                         3     -3        3
  MONTH TO DATE    9                       108    -99      130
  SINCE MAR 1   1267                      1115    152      922
  SINCE JUL 1   4954                      4942     12     4002

 COOLING
  TODAY            7                         3      4        0
  MONTH TO DATE  160                        45    115       57
  SINCE MAR 1    167                        63    104      109
  SINCE JAN 1    172                        63    109      109
..................................................................


WIND (MPH)
  HIGHEST WIND SPEED    13   HIGHEST WIND DIRECTION    NE (40)
  HIGHEST GUST SPEED    16   HIGHEST GUST DIRECTION    NE (40)
  AVERAGE WIND SPEED     6.0


SKY COVER
  POSSIBLE SUNSHINE  MM
  AVERAGE SKY COVER 0.3


WEATHER CONDITIONS
 THE FOLLOWING WEATHER WAS RECORDED TODAY.
  NO SIGNIFICANT WEATHER WAS OBSERVED.


RELATIVE HUMIDITY (PERCENT)
 HIGHEST    90           400 AM
 LOWEST     42           300 PM
 AVERAGE    66

..........................................................


THE CINCINNATI OH CLIMATE NORMALS FOR TOMORROW
                         NORMAL    RECORD    YEAR
 MAXIMUM TEMPERATURE (F)   76        92      1975
 MINIMUM TEMPERATURE (F)   56        37      1925


SUNRISE AND SUNSET
MAY 23 2018...........SUNRISE   620 AM EDT   SUNSET   852 PM EDT
MAY 24 2018...........SUNRISE   619 AM EDT   SUNSET   853 PM EDT


-  INDICATES NEGATIVE NUMBERS.
R  INDICATES RECORD WAS SET OR TIED.
MM INDICATES DATA IS MISSING.
T  INDICATES TRACE AMOUNT.




$$
