000
CDUS46 KSGX 200031
CLICZZ


CLIMATE REPORT
NATIONAL WEATHER SERVICE SAN DIEGO, CA
530 PM PDT THU APR 19 2018


...................................

...THE CAMPO ASOS CA CLIMATE SUMMARY FOR APRIL 19 2018...
VALID TODAY AS OF 0500 PM LOCAL TIME.

CLIMATE NORMAL PERIOD 1981 TO 2010
CLIMATE RECORD PERIOD 1948 TO 2018


WEATHER ITEM   OBSERVED TIME   RECORD YEAR NORMAL DEPARTURE LAST
                VALUE   (LST)  VALUE       VALUE  FROM      YEAR
                                                  NORMAL
..................................................................
TEMPERATURE (F)
 TODAY
  MAXIMUM         54    201 PM  92    1989  73    -19       76
  MINIMUM         31   1211 AM  22    1968  38     -7       42
  AVERAGE         43                        56    -13       59

PRECIPITATION (IN)
  TODAY            0.03          0.52 1967   0.03   0.00     0.00
  MONTH TO DATE    0.03                      0.71  -0.68     0.00
  SINCE OCT 1      4.26                     13.83  -9.57    15.69
  SINCE JAN 1      3.91                      9.61  -5.70    10.46

DEGREE DAYS
 HEATING
  TODAY           22                         9     13        6
  MONTH TO DATE  167                       209    -42      195
  SINCE MAR 1    585                       626    -41      504
  SINCE JUL 1   2207                      2677   -470     2414

 COOLING
  TODAY            0                         0      0        0
  MONTH TO DATE    0                         0      0        0
  SINCE MAR 1      0                         0      0        0
  SINCE JAN 1      0                         0      0        0
..................................................................


WIND (MPH)
  RESULTANT WIND SPEED  15   RESULTANT WIND DIRECTION   W (250)
  HIGHEST WIND SPEED    25   HIGHEST WIND DIRECTION    SW (230)
  HIGHEST GUST SPEED    33   HIGHEST GUST DIRECTION    SW (240)
  AVERAGE WIND SPEED    15.2


SKY COVER
  POSSIBLE SUNSHINE  MM
  AVERAGE SKY COVER 0.0



RELATIVE HUMIDITY (PERCENT)
 HIGHEST    86           300 AM
 LOWEST     46           300 PM
 AVERAGE    66

..........................................................


THE CAMPO ASOS CA CLIMATE NORMALS FOR TOMORROW
                         NORMAL    RECORD    YEAR
 MAXIMUM TEMPERATURE (F)   74        88      2009
                                             1997
 MINIMUM TEMPERATURE (F)   38        24      2002
                                             1972


SUNRISE AND SUNSET
APRIL 19 2018.........SUNRISE   612 AM PDT   SUNSET   719 PM PDT
APRIL 20 2018.........SUNRISE   610 AM PDT   SUNSET   719 PM PDT


-  INDICATES NEGATIVE NUMBERS.
R  INDICATES RECORD WAS SET OR TIED.
MM INDICATES DATA IS MISSING.
T  INDICATES TRACE AMOUNT.




$$
