483
CDUS41 KILN 242055
CLIDAY


CLIMATE REPORT
NATIONAL WEATHER SERVICE WILMINGTON OH
455 PM EDT TUE APR 24 2018


...................................

...THE DAYTON OH CLIMATE SUMMARY FOR APRIL 24 2018...
VALID TODAY AS OF 0400 PM LOCAL TIME.

CLIMATE NORMAL PERIOD 1981 TO 2010
CLIMATE RECORD PERIOD 1869 TO 2018


WEATHER ITEM   OBSERVED TIME   RECORD YEAR NORMAL DEPARTURE LAST
                VALUE   (LST)  VALUE       VALUE  FROM      YEAR
                                                  NORMAL
..................................................................
TEMPERATURE (F)
 TODAY
  MAXIMUM         54    936 AM  88    1925  65    -11       75
  MINIMUM         52   1234 PM  24    1911  44      8       42
  AVERAGE         53                        55     -2       59

PRECIPITATION (IN)
  TODAY            T             1.76 1937   0.14  -0.14     0.00
  MONTH TO DATE    4.70                      3.25   1.45     2.22
  SINCE MAR 1      8.26                      6.59   1.67     7.17
  SINCE JAN 1     16.57                     11.54   5.03    12.11

SNOWFALL (IN)
  TODAY            0.0           0.2  1995   0.0    0.0      0.0
  MONTH TO DATE    3.4                       0.6    2.8       T
  SINCE MAR 1      9.2                       4.0    5.2      1.3
  SINCE JUL 1     26.7                      23.3    3.4      8.5
  SNOW DEPTH       0

DEGREE DAYS
 HEATING
  TODAY           12                        11      1        6
  MONTH TO DATE  488                       353    135      212
  SINCE MAR 1   1358                      1117    241      943
  SINCE JUL 1   5466                      5392     74     4373

 COOLING
  TODAY            0                         1     -1        0
  MONTH TO DATE    7                         4      3       26
  SINCE MAR 1      7                         4      3       28
  SINCE JAN 1     10                         4      6       28
..................................................................


WIND (MPH)
  RESULTANT WIND SPEED  13   RESULTANT WIND DIRECTION   E (100)
  HIGHEST WIND SPEED    22   HIGHEST WIND DIRECTION     E (100)
  HIGHEST GUST SPEED    26   HIGHEST GUST DIRECTION     E (110)
  AVERAGE WIND SPEED    13.6


SKY COVER
  POSSIBLE SUNSHINE  MM
  AVERAGE SKY COVER 1.0


WEATHER CONDITIONS
 THE FOLLOWING WEATHER WAS RECORDED TODAY.
  LIGHT RAIN
  FOG


RELATIVE HUMIDITY (PERCENT)
 HIGHEST   100          1200 PM
 LOWEST     89           200 AM
 AVERAGE    95

..........................................................


THE DAYTON OH CLIMATE NORMALS FOR TOMORROW
                         NORMAL    RECORD    YEAR
 MAXIMUM TEMPERATURE (F)   65        89      1915
 MINIMUM TEMPERATURE (F)   45        26      1919


SUNRISE AND SUNSET
APRIL 24 2018.........SUNRISE   646 AM EDT   SUNSET   824 PM EDT
APRIL 25 2018.........SUNRISE   645 AM EDT   SUNSET   825 PM EDT


-  INDICATES NEGATIVE NUMBERS.
R  INDICATES RECORD WAS SET OR TIED.
MM INDICATES DATA IS MISSING.
T  INDICATES TRACE AMOUNT.




$$
