000
CDUS43 KILX 200631
CLIDEC


CLIMATE REPORT
NATIONAL WEATHER SERVICE LINCOLN IL
130 AM CDT SUN MAY 20 2018


...................................

...THE DECATUR IL AIRPORT CLIMATE SUMMARY FOR MAY 19 2018...

CLIMATE NORMAL PERIOD 1981 TO 2010
CLIMATE RECORD PERIOD 9999 TO 9999


WEATHER ITEM   OBSERVED TIME   RECORD YEAR NORMAL DEPARTURE LAST
                VALUE   (LST)  VALUE       VALUE  FROM      YEAR
                                                  NORMAL
..................................................................
TEMPERATURE (F)
 YESTERDAY
  MAXIMUM         82    321 PM  MM      MM  75      7       66
  MINIMUM         65   1016 PM  MM      MM  52     13       51
  AVERAGE         74                        64     10       59

PRECIPITATION (IN)
  YESTERDAY        0.10         MM      MM   0.15  -0.05     2.90
  MONTH TO DATE    1.29                      2.82  -1.53     6.68
  SINCE MAR 1      6.53                      9.26  -2.73    14.96
  SINCE JAN 1     11.66                     12.98  -1.32    17.06

DEGREE DAYS
 HEATING
  YESTERDAY        0                         4     -4        6
  MONTH TO DATE    7                       105    -98      127
  SINCE MAR 1   1396                      1211    185     1031
  SINCE JUL 1   5548                      5468     80     4390

 COOLING
  YESTERDAY        9                         3      6        0
  MONTH TO DATE   99                        30     69       50
  SINCE MAR 1    102                        44     58       73
  SINCE JAN 1    102                        44     58       73
..................................................................


WIND (MPH)
  HIGHEST WIND SPEED    17   HIGHEST WIND DIRECTION    SW (210)
  HIGHEST GUST SPEED    22   HIGHEST GUST DIRECTION    SW (210)
  AVERAGE WIND SPEED     6.9


SKY COVER
  POSSIBLE SUNSHINE  MM
  AVERAGE SKY COVER 0.4


WEATHER CONDITIONS
 THE FOLLOWING WEATHER WAS RECORDED YESTERDAY.
  HEAVY RAIN
  LIGHT RAIN
  FOG


RELATIVE HUMIDITY (PERCENT)
 HIGHEST   100           300 AM
 LOWEST     54           300 PM
 AVERAGE    77

..........................................................


THE DECATUR IL AIRPORT CLIMATE NORMALS FOR TODAY
                         NORMAL    RECORD    YEAR
 MAXIMUM TEMPERATURE (F)   75        MM        MM
 MINIMUM TEMPERATURE (F)   53        MM        MM


SUNRISE AND SUNSET
MAY 20 2018...........SUNRISE   536 AM CDT   SUNSET   808 PM CDT
MAY 21 2018...........SUNRISE   536 AM CDT   SUNSET   809 PM CDT


-  INDICATES NEGATIVE NUMBERS.
R  INDICATES RECORD WAS SET OR TIED.
MM INDICATES DATA IS MISSING.
T  INDICATES TRACE AMOUNT.




$$
