000
CDUS44 KSHV 210755
CLIDEQ


CLIMATE REPORT
NATIONAL WEATHER SERVICE SHREVEPORT, LA
255 AM CDT SAT APR 21 2018


...................................

...THE DE QUEEN CLIMATE SUMMARY FOR APRIL 20 2018...

CLIMATE NORMAL PERIOD 1981 TO 2010
CLIMATE RECORD PERIOD 1902 TO 2018


WEATHER ITEM   OBSERVED TIME   RECORD YEAR NORMAL DEPARTURE LAST
                VALUE   (LST)  VALUE       VALUE  FROM      YEAR
                                                  NORMAL
..................................................................
TEMPERATURE (F)
 YESTERDAY
  MAXIMUM         68    402 PM  94    1987  75     -7       81
  MINIMUM         40    449 AM  33    1956  50    -10       60
  AVERAGE         54                        62     -8       71

PRECIPITATION (IN)
  YESTERDAY        0.00          2.20 1986   0.12  -0.12     0.00
  MONTH TO DATE    3.48                      2.32   1.16     6.21
  SINCE DEC 1     27.62                     18.32   9.30    16.99
  SINCE JAN 1     22.37                     13.96   8.41    14.28

SNOWFALL (IN)
  YESTERDAY        0.0
  MONTH TO DATE    0.0
  SINCE MAR 1      0.0
  SINCE JUL 1      0.1
  SNOW DEPTH       0

DEGREE DAYS
 HEATING
  YESTERDAY       11                         4      7        0
  MONTH TO DATE  182                       125     57       39
  SINCE MAR 1    463                       502    -39      272
  SINCE JUL 1   2837                      2993   -156     2041

 COOLING
  YESTERDAY        0                         1     -1        6
  MONTH TO DATE    4                        20    -16       47
  SINCE MAR 1     16                        29    -13       74
  SINCE JAN 1     18                        31    -13       84
..................................................................


WIND (MPH)
  HIGHEST WIND SPEED    20   HIGHEST WIND DIRECTION     E (90)
  HIGHEST GUST SPEED    25   HIGHEST GUST DIRECTION    NE (60)
  AVERAGE WIND SPEED     8.1


SKY COVER
  POSSIBLE SUNSHINE  MM
  AVERAGE SKY COVER 0.0


WEATHER CONDITIONS
 THE FOLLOWING WEATHER WAS RECORDED YESTERDAY.
  NO SIGNIFICANT WEATHER WAS OBSERVED.


RELATIVE HUMIDITY (PERCENT)
 HIGHEST    93           500 AM
 LOWEST     34           500 PM
 AVERAGE    64

..........................................................


THE DE QUEEN CLIMATE NORMALS FOR TODAY
                         NORMAL    RECORD    YEAR
 MAXIMUM TEMPERATURE (F)   75        94      1987
 MINIMUM TEMPERATURE (F)   50        33      1953


SUNRISE AND SUNSET
APRIL 21 2018.........SUNRISE   639 AM CDT   SUNSET   754 PM CDT
APRIL 22 2018.........SUNRISE   638 AM CDT   SUNSET   754 PM CDT


-  INDICATES NEGATIVE NUMBERS.
R  INDICATES RECORD WAS SET OR TIED.
MM INDICATES DATA IS MISSING.
T  INDICATES TRACE AMOUNT.




$$
