000
CDUS42 KCAE 222130
CLIDNL


CLIMATE REPORT
NATIONAL WEATHER SERVICE COLUMBIA SC
530 PM EDT TUE MAY 22 2018


...................................

...THE AUGUSTA DANIEL FIELD GA CLIMATE SUMMARY FOR MAY 22 2018...
VALID TODAY AS OF 0500 PM LOCAL TIME.

CLIMATE NORMAL PERIOD 1981 TO 2010
CLIMATE RECORD PERIOD 9999 TO 9999


WEATHER ITEM   OBSERVED TIME   NORMAL DEPARTURE LAST
                VALUE   (LST)  VALUE  FROM      YEAR
                                      NORMAL
......................................................
TEMPERATURE (F)
 TODAY
  MAXIMUM         82   1148 AM  85     -3       90
  MINIMUM         71    643 AM  65      6       71
  AVERAGE         77            75      2

PRECIPITATION (IN)
  TODAY            0.60          0.11   0.49     0.72
  MONTH TO DATE    3.73          1.95   1.78     1.90
  SINCE MAR 1      9.63          9.21   0.42     6.15
  SINCE JAN 1     14.08         17.45  -3.37    18.51

DEGREE DAYS
 HEATING
  TODAY            0             0      0        0
  MONTH TO DATE    0             8     -8        6
  SINCE MAR 1    348           354     -6      238
  SINCE JUL 1   1771          2167   -396     1245

 COOLING
  TODAY           12            10      2       16
  MONTH TO DATE  249           157     92      232
  SINCE MAR 1    322           254     68      513
  SINCE JAN 1    391           258    133      547
......................................................


WIND (MPH)
  HIGHEST WIND SPEED    22   HIGHEST WIND DIRECTION     S (170)
  HIGHEST GUST SPEED    29   HIGHEST GUST DIRECTION     S (170)
  AVERAGE WIND SPEED     5.1


SKY COVER
  AVERAGE SKY COVER 0.6


WEATHER CONDITIONS
 THE FOLLOWING WEATHER WAS RECORDED TODAY.
  THUNDERSTORM
  HEAVY RAIN
  RAIN
  LIGHT RAIN
  FOG
  FOG W/VISIBILITY <= 1/4 MILE


RELATIVE HUMIDITY (PERCENT)
 HIGHEST   100           600 AM
 LOWEST     74          1200 PM

..........................................................


THE AUGUSTA DANIEL FIELD GA CLIMATE NORMALS FOR TOMORROW
                         NORMAL
 MAXIMUM TEMPERATURE (F)   85
 MINIMUM TEMPERATURE (F)   65


SUNRISE AND SUNSET
MAY 22 2018...........SUNRISE   623 AM EDT   SUNSET   827 PM EDT
MAY 23 2018...........SUNRISE   623 AM EDT   SUNSET   827 PM EDT


-  INDICATES NEGATIVE NUMBERS.
R  INDICATES RECORD WAS SET OR TIED.
MM INDICATES DATA IS MISSING.
T  INDICATES TRACE AMOUNT.




$$
