900
CDUS44 KEWX 220701
CLIDRT


CLIMATE REPORT
NATIONAL WEATHER SERVICE AUSTIN/SAN ANTONIO, TX
201 AM CDT SUN APR 22 2018


...................................

...THE DEL RIO CLIMATE SUMMARY FOR APRIL 21 2018...

CLIMATE NORMAL PERIOD 1981 TO 2010
CLIMATE RECORD PERIOD 1906 TO 2018


WEATHER ITEM   OBSERVED TIME   RECORD YEAR NORMAL DEPARTURE LAST
                VALUE   (LST)  VALUE       VALUE  FROM      YEAR
                                                  NORMAL
..................................................................
TEMPERATURE (F)
 YESTERDAY
  MAXIMUM         91    533 PM  97    1997  85      6       90
                                      1995
  MINIMUM         64    555 AM  47    1953  61      3       69
  AVERAGE         78                        73      5       80

PRECIPITATION (IN)
  YESTERDAY        T             2.47 1946   0.06  -0.06     0.00
  MONTH TO DATE    0.01                      1.06  -1.05     5.64
  SINCE MAR 1      0.14                      2.20  -2.06     6.15
  SINCE JAN 1      0.33                      3.80  -3.47     7.12

SNOWFALL (IN)
  YESTERDAY        0.0
  MONTH TO DATE    0.0
  SINCE MAR 1      0.0
  SINCE JUL 1      T

DEGREE DAYS
 HEATING
  YESTERDAY        0                         0      0        0
  MONTH TO DATE    7                        24    -17        8
  SINCE MAR 1     39                       138    -99       45
  SINCE JUL 1   1270                      1374   -104      838

 COOLING
  YESTERDAY       13                         8      5       15
  MONTH TO DATE  141                       137      4      166
  SINCE MAR 1    285                       224     61      320
  SINCE JAN 1    327                       243     84      383
..................................................................


WIND (MPH)
  HIGHEST WIND SPEED    24   HIGHEST WIND DIRECTION    SE (130)
  HIGHEST GUST SPEED    34   HIGHEST GUST DIRECTION    SE (130)
  AVERAGE WIND SPEED     8.3


SKY COVER
  AVERAGE SKY COVER 0.4


WEATHER CONDITIONS
 THE FOLLOWING WEATHER WAS RECORDED YESTERDAY.
  LIGHT RAIN


RELATIVE HUMIDITY (PERCENT)
 HIGHEST    87           500 AM
 LOWEST     10           600 PM
 AVERAGE    49

..........................................................


THE DEL RIO CLIMATE NORMALS FOR TODAY
                         NORMAL    RECORD    YEAR
 MAXIMUM TEMPERATURE (F)   85        99      1909
 MINIMUM TEMPERATURE (F)   61        44      1931
                                             1927


SUNRISE AND SUNSET
APRIL 22 2018.........SUNRISE   710 AM CDT   SUNSET   815 PM CDT
APRIL 23 2018.........SUNRISE   709 AM CDT   SUNSET   815 PM CDT


-  INDICATES NEGATIVE NUMBERS.
R  INDICATES RECORD WAS SET OR TIED.
MM INDICATES DATA IS MISSING.
T  INDICATES TRACE AMOUNT.




$$
