633
CDUS45 KTWC 261426
CLIDUG

CLIMATE REPORT
NATIONAL WEATHER SERVICE TUCSON AZ
725 AM MST SAT MAY 26 2018


...................................

...THE DOUGLAS AZ CLIMATE SUMMARY FOR MAY 26 2018...
VALID AS OF 0700 AM LOCAL TIME.

CLIMATE NORMAL PERIOD 1981 TO 2010
CLIMATE RECORD PERIOD 1948 TO 2018


WEATHER ITEM   OBSERVED TIME   RECORD YEAR NORMAL DEPARTURE LAST
                VALUE   (LST)  VALUE       VALUE  FROM      YEAR
                                                  NORMAL
..................................................................
TEMPERATURE (F)
 TODAY
  MINIMUM         60    558 AM  41    1959  54      6       59

PRECIPITATION (IN)
  TODAY            0.00          0.10 1992   0.01  -0.01     0.00
  MONTH TO DATE    0.00                      0.23  -0.23     0.07
  SINCE OCT 1      1.87                      4.90  -3.03     3.12
  SINCE JAN 1      1.04                      2.35  -1.31     1.77

DEGREE DAYS
 HEATING
  TODAY            0                         0      0        0

 COOLING
  TODAY            2                         8     -6       10
..................................................................


WIND (MPH)
  HIGHEST WIND SPEED    12   HIGHEST WIND DIRECTION     N (10)
  HIGHEST GUST SPEED    14   HIGHEST GUST DIRECTION     N (10)
  AVERAGE WIND SPEED     5.9


SKY COVER
  POSSIBLE SUNSHINE  MM
  AVERAGE SKY COVER 0.0


WEATHER CONDITIONS
 THE FOLLOWING WEATHER WAS RECORDED TODAY.
  NO SIGNIFICANT WEATHER WAS OBSERVED.


RELATIVE HUMIDITY (PERCENT)
 HIGHEST    27           500 AM

..........................................................


THE DOUGLAS AZ CLIMATE NORMALS FOR TOMORROW
                         NORMAL    RECORD    YEAR
 MAXIMUM TEMPERATURE (F)   91       102      1951
 MINIMUM TEMPERATURE (F)   55        42      2016


SUNRISE AND SUNSET
MAY 26 2018...........SUNRISE   516 AM MST   SUNSET   715 PM MST
MAY 27 2018...........SUNRISE   516 AM MST   SUNSET   716 PM MST


-  INDICATES NEGATIVE NUMBERS.
R  INDICATES RECORD WAS SET OR TIED.
MM INDICATES DATA IS MISSING.
T  INDICATES TRACE AMOUNT.




$$
