000
CDUS44 KBMX 270736
CLIEET


CLIMATE REPORT
NATIONAL WEATHER SERVICE BIRMINGHAM, AL
236 AM CDT SUN MAY 27 2018


...................................

...THE SHELBY COUNTY AIRPORT CLIMATE SUMMARY FOR MAY 26 2018...

CLIMATE NORMAL PERIOD 1981 TO 2010
CLIMATE RECORD PERIOD 9999 TO 9999


WEATHER ITEM   OBSERVED TIME   RECORD YEAR NORMAL DEPARTURE LAST
                VALUE   (LST)  VALUE       VALUE  FROM      YEAR
                                                  NORMAL
..................................................................
TEMPERATURE (F)
 YESTERDAY
  MAXIMUM         85    202 PM  MM      MM  83      2       86
  MINIMUM         70   1138 PM  MM      MM  63      7       55
  AVERAGE         78                        73      5       71

PRECIPITATION (IN)
  YESTERDAY        0.51                      0.15   0.36     0.00
  MONTH TO DATE    3.07                      3.69  -0.62     4.80
  SINCE MAR 1     14.56                     12.06   2.50    15.37
  SINCE JAN 1     25.88                     23.14   2.74    26.47

DEGREE DAYS
 COOLING
  YESTERDAY       13                         8      5        6
  MONTH TO DATE  266                       149    117      154
  SINCE MAR 1    301                       220     81      363
  SINCE JAN 1    343                       224    119      373
..................................................................


WIND (MPH)
  HIGHEST WIND SPEED    13   HIGHEST WIND DIRECTION    SW (210)
  HIGHEST GUST SPEED    17   HIGHEST GUST DIRECTION    SE (130)
  AVERAGE WIND SPEED     2.6


SKY COVER
  POSSIBLE SUNSHINE  MM
  AVERAGE SKY COVER 0.8


WEATHER CONDITIONS
 THE FOLLOWING WEATHER WAS RECORDED YESTERDAY.
  THUNDERSTORM
  HEAVY RAIN
  LIGHT RAIN
  FOG


RELATIVE HUMIDITY (PERCENT)
 HIGHEST   100          1200 AM
 LOWEST     61           200 PM
 AVERAGE    81

..........................................................


THE SHELBY COUNTY AIRPORT CLIMATE NORMALS FOR TODAY
                         NORMAL    RECORD    YEAR
 MAXIMUM TEMPERATURE (F)   84        MM        MM
 MINIMUM TEMPERATURE (F)   63        MM        MM


SUNRISE AND SUNSET
MAY 27 2018...........SUNRISE   541 AM CDT   SUNSET   748 PM CDT
MAY 28 2018...........SUNRISE   540 AM CDT   SUNSET   749 PM CDT


-  INDICATES NEGATIVE NUMBERS.
R  INDICATES RECORD WAS SET OR TIED.
MM INDICATES DATA IS MISSING.
T  INDICATES TRACE AMOUNT.




$$
