000
CDUS45 KLKN 210029
CLIEKO


CLIMATE REPORT
NATIONAL WEATHER SERVICE ELKO NV
529 PM PDT SUN MAY 20 2018


...................................

...THE ELKO AIRPORT NV CLIMATE SUMMARY FOR MAY 20 2018...
VALID TODAY AS OF 0500 PM LOCAL TIME.

CLIMATE NORMAL PERIOD 1981 TO 2010
CLIMATE RECORD PERIOD 1888 TO 2018


WEATHER ITEM   OBSERVED TIME   RECORD YEAR NORMAL DEPARTURE LAST
                VALUE   (LST)  VALUE       VALUE  FROM      YEAR
                                                  NORMAL
..................................................................
TEMPERATURE (F)
 TODAY
  MAXIMUM         73    228 PM  90    1919  71      2       74
  MINIMUM         44    411 AM  19    1936  39      5       36
  AVERAGE         59                        54      5       55

PRECIPITATION (IN)
  TODAY            0.01          1.15 1922   0.03  -0.02     0.00
  MONTH TO DATE    1.01                      0.62   0.39     0.56
  SINCE OCT 1      6.67                      7.61  -0.94    12.84
  SINCE JAN 1      4.97                      4.55   0.42     7.21

SNOWFALL (IN)
  TODAY            0.0           3.3  1971   0.0    0.0      0.0
  MONTH TO DATE    T                         0.4   -0.4       T
  SINCE MAR 1     14.3                       8.7    5.6      1.9
  SINCE JUL 1     28.2                      41.2  -13.0     53.3
  SNOW DEPTH       0

DEGREE DAYS
 HEATING
  TODAY            6                        11     -5       10
  MONTH TO DATE  202                       264    -62      225
  SINCE MAR 1   1603                      1667    -64     1448
  SINCE JUL 1   6245                      6835   -590     6184

 COOLING
  TODAY            0                         0      0        0
  MONTH TO DATE    1                         0      1        0
  SINCE MAR 1      1                         0      1        0
  SINCE JAN 1      1                         0      1        0
..................................................................


WIND (MPH)
  HIGHEST WIND SPEED    36   HIGHEST WIND DIRECTION     S (170)
  HIGHEST GUST SPEED    46   HIGHEST GUST DIRECTION     S (170)



WEATHER CONDITIONS
 THE FOLLOWING WEATHER WAS RECORDED TODAY.
  THUNDERSTORM
  RAIN


RELATIVE HUMIDITY (PERCENT)
 HIGHEST    93           500 AM
 LOWEST     27           200 PM
 AVERAGE    60

..........................................................


THE ELKO AIRPORT NV CLIMATE NORMALS FOR TOMORROW
                         NORMAL    RECORD    YEAR
 MAXIMUM TEMPERATURE (F)   71        92      1919
 MINIMUM TEMPERATURE (F)   39        21      1945
                                             1931


SUNRISE AND SUNSET
MAY 20 2018...........SUNRISE   521 AM PDT   SUNSET   759 PM PDT
MAY 21 2018...........SUNRISE   521 AM PDT   SUNSET   759 PM PDT


-  INDICATES NEGATIVE NUMBERS.
R  INDICATES RECORD WAS SET OR TIED.
MM INDICATES DATA IS MISSING.
T  INDICATES TRACE AMOUNT.




$$
