000
CDUS44 KSHV 240744
CLIELD


CLIMATE REPORT
NATIONAL WEATHER SERVICE SHREVEPORT, LA
244 AM CDT THU MAY 24 2018


...................................

...THE EL DORADO CLIMATE SUMMARY FOR MAY 23 2018...

CLIMATE NORMAL PERIOD 1981 TO 2010
CLIMATE RECORD PERIOD 1907 TO 2018


WEATHER ITEM   OBSERVED TIME   RECORD YEAR NORMAL DEPARTURE LAST
                VALUE   (LST)  VALUE       VALUE  FROM      YEAR
                                                  NORMAL
..................................................................
TEMPERATURE (F)
 YESTERDAY
  MAXIMUM         91    314 PM  95    1918  84      7       77
  MINIMUM         67    504 AM  47    1963  62      5       57
  AVERAGE         79                        73      6       67

PRECIPITATION (IN)
  YESTERDAY        0.45          1.47 1944   0.17   0.28     0.50
  MONTH TO DATE    0.87                      3.78  -2.91     6.86
  SINCE DEC 1     32.46                     26.89   5.57    32.27
  SINCE JAN 1     26.83                     21.71   5.12    25.98

SNOWFALL (IN)
  YESTERDAY        0.0
  MONTH TO DATE    0.0
  SINCE MAR 1      0.0
  SINCE JUL 1      2.8
  SNOW DEPTH       0

DEGREE DAYS
 HEATING
  YESTERDAY        0                         0      0        0
  MONTH TO DATE    0                        16    -16       14
  SINCE MAR 1    413                       442    -29      268
  SINCE JUL 1   2515                      2670   -155     1720

 COOLING
  YESTERDAY       14                         8      6        2
  MONTH TO DATE  250                       138    112      109
  SINCE MAR 1    298                       231     67      255
  SINCE JAN 1    323                       237     86      282
..................................................................


WIND (MPH)
  HIGHEST WIND SPEED    22   HIGHEST WIND DIRECTION    SW (210)
  HIGHEST GUST SPEED    30   HIGHEST GUST DIRECTION    SW (210)
  AVERAGE WIND SPEED     3.8


SKY COVER
  POSSIBLE SUNSHINE  MM
  AVERAGE SKY COVER 0.2


WEATHER CONDITIONS
 THE FOLLOWING WEATHER WAS RECORDED YESTERDAY.
  THUNDERSTORM
  HEAVY RAIN
  LIGHT RAIN
  FOG


RELATIVE HUMIDITY (PERCENT)
 HIGHEST   100          1200 AM
 LOWEST     52           300 PM
 AVERAGE    76

..........................................................


THE EL DORADO CLIMATE NORMALS FOR TODAY
                         NORMAL    RECORD    YEAR
 MAXIMUM TEMPERATURE (F)   84        94      1918
 MINIMUM TEMPERATURE (F)   62        46      1913


SUNRISE AND SUNSET
MAY 24 2018...........SUNRISE   606 AM CDT   SUNSET   810 PM CDT
MAY 25 2018...........SUNRISE   606 AM CDT   SUNSET   811 PM CDT


-  INDICATES NEGATIVE NUMBERS.
R  INDICATES RECORD WAS SET OR TIED.
MM INDICATES DATA IS MISSING.
T  INDICATES TRACE AMOUNT.




$$
