000
CDUS43 KTOP 232132
CLIEMP


CLIMATE REPORT
NATIONAL WEATHER SERVICE TOPEKA KS
431 PM CDT WED MAY 23 2018


...................................

...THE EMPORIA KS CLIMATE SUMMARY FOR MAY 23 2018...
VALID TODAY AS OF 0400 PM LOCAL TIME.

CLIMATE NORMAL PERIOD 1981 TO 2010
CLIMATE RECORD PERIOD 9999 TO 9999


WEATHER ITEM   OBSERVED NORMAL DEPARTURE LAST
                VALUE   VALUE  FROM      YEAR
                               NORMAL
...............................................
TEMPERATURE (F)
 TODAY
  MAXIMUM         85     78      7       68
  MINIMUM         64     57      7       51
  AVERAGE         75     68      7       60

PRECIPITATION (IN)
  TODAY            0.00   0.17  -0.17     0.03
  MONTH TO DATE    3.07   3.50  -0.43     2.77
  SINCE MAR 1      6.83   9.41  -2.58    13.24
  SINCE JAN 1      8.16  11.27  -3.11    14.98

DEGREE DAYS
 HEATING
  TODAY            0      2     -2        5
  MONTH TO DATE    2     73    -71       84
  SINCE MAR 1   1084    980    104      815
  SINCE JUL 1   4812   4802     10     3906

 COOLING
  TODAY           10      4      6        0
  MONTH TO DATE  151     57     94       60
  SINCE MAR 1    159     80     79      102
  SINCE JAN 1    159     80     79      102
...............................................


WIND (MPH)
  HIGHEST WIND SPEED    15   HIGHEST WIND DIRECTION    SW (220)
  HIGHEST GUST SPEED    20   HIGHEST GUST DIRECTION     S (200)
  AVERAGE WIND SPEED     5.5



WEATHER CONDITIONS
 THE FOLLOWING WEATHER WAS RECORDED TODAY.
  FOG


RELATIVE HUMIDITY (PERCENT)
 HIGHEST   100
 LOWEST     58
 AVERAGE    79

..........................................................


THE EMPORIA KS CLIMATE NORMALS FOR TOMORROW
                         NORMAL
 MAXIMUM TEMPERATURE (F)   78
 MINIMUM TEMPERATURE (F)   57


SUNRISE AND SUNSET
MAY 23 2018...........SUNRISE   608 AM CDT   SUNSET   836 PM CDT
MAY 24 2018...........SUNRISE   607 AM CDT   SUNSET   837 PM CDT


-  INDICATES NEGATIVE NUMBERS.
R  INDICATES RECORD WAS SET OR TIED.
MM INDICATES DATA IS MISSING.
T  INDICATES TRACE AMOUNT.




$$
